[Sat Aug 01 23:48:16.204119 2026] [core:error] [pid 3424:tid 1004] [client 130.12.180.126:60942] AH10244: invalid URI path (/../.env)
[Sat Aug 01 23:48:18.126002 2026] [core:error] [pid 3424:tid 564] [client 130.12.180.126:60920] AH10244: invalid URI path (/../.env)
[Sat Aug 01 23:48:19.422878 2026] [core:error] [pid 3424:tid 936] [client 130.12.180.126:60972] AH10244: invalid URI path (/../.env)
[Sat Aug 01 23:48:20.297871 2026] [core:error] [pid 3424:tid 556] [client 130.12.180.126:60926] AH10244: invalid URI path (/../.env)
[Sat Aug 01 23:48:20.313475 2026] [core:error] [pid 3424:tid 552] [client 130.12.180.126:60928] AH10244: invalid URI path (/../.env)
[Sat Aug 01 23:48:20.547856 2026] [core:error] [pid 3424:tid 952] [client 130.12.180.126:60948] AH10244: invalid URI path (/../.env)
[Sat Aug 01 23:48:24.610370 2026] [core:error] [pid 3424:tid 944] [client 130.12.180.126:60958] AH10244: invalid URI path (/../.env)
[Sat Aug 01 23:48:24.610370 2026] [core:error] [pid 3424:tid 984] [client 130.12.180.126:60944] AH10244: invalid URI path (/../.env)
[Sun Aug 02 00:56:02.281099 2026] [core:error] [pid 7652:tid 912] [client 74.7.227.154:50790] AH10244: invalid URI path (/gridtip/gridtip-ng/newsletter/templates/%!unsubscription_link!%), referer: https://dirlisting.mamweb.at/gridtip/gridtip-ng/newsletter/templates/mail.default.polish.tmpl
[Sun Aug 02 02:09:20.420270 2026] [core:error] [pid 7652:tid 900] [client 104.199.29.43:12760] AH10244: invalid URI path (/cgi-bin/.%2e/.%2e/.%2e/.%2e/bin/sh)
[Sun Aug 02 02:31:48.138587 2026] [core:error] [pid 7652:tid 972] [client 74.7.227.158:47108] AH10244: invalid URI path (/gridtip/gridtip_2012/newsletter/templates/%!unsubscription_link!%), referer: https://dlf.mamweb.at/gridtip/gridtip_2012/newsletter/templates/mail.default.french.tmpl
[Sun Aug 02 02:31:48.872958 2026] [core:error] [pid 7652:tid 972] [client 74.7.227.158:59672] AH10244: invalid URI path (/gridtip/gridtip_2008/newsletter/templates/%!unsubscription_link!%), referer: https://dlf.mamweb.at/gridtip/gridtip_2008/newsletter/templates/mail.default.french.tmpl
[Sun Aug 02 02:31:49.435464 2026] [core:error] [pid 7652:tid 972] [client 74.7.227.158:59684] AH10244: invalid URI path (/gridtip/gridtip_2022/newsletter/templates/%!unsubscription_link!%), referer: https://dlf.mamweb.at/gridtip/gridtip_2022/newsletter/templates/mail.default.french.tmpl
[Sun Aug 02 02:31:49.935460 2026] [core:error] [pid 7652:tid 972] [client 74.7.227.158:59694] AH10244: invalid URI path (/gridtip/gridtip_2009/newsletter/templates/%!unsubscription_link!%), referer: https://dlf.mamweb.at/gridtip/gridtip_2009/newsletter/templates/mail.default.french.tmpl
[Sun Aug 02 02:31:50.529204 2026] [core:error] [pid 7652:tid 972] [client 74.7.227.158:59706] AH10244: invalid URI path (/gridtip/gridtip_2010/newsletter/templates/%!unsubscription_link!%), referer: https://dlf.mamweb.at/gridtip/gridtip_2010/newsletter/templates/mail.default.german.tmpl
[Sun Aug 02 02:31:50.997958 2026] [core:error] [pid 7652:tid 972] [client 74.7.227.158:59716] AH10244: invalid URI path (/gridtip/gridtip_2021/newsletter/templates/%!unsubscription_link!%), referer: https://dlf.mamweb.at/gridtip/gridtip_2021/newsletter/templates/mail.default.german.tmpl
[Sun Aug 02 02:31:51.513588 2026] [core:error] [pid 7652:tid 972] [client 74.7.227.158:59726] AH10244: invalid URI path (/gridtip/gridtip_2007/newsletter/templates/%!unsubscription_link!%), referer: https://dlf.mamweb.at/gridtip/gridtip_2007/newsletter/templates/mail.default.polish.tmpl
[Sun Aug 02 02:31:52.060462 2026] [core:error] [pid 7652:tid 972] [client 74.7.227.158:59738] AH10244: invalid URI path (/gridtip/gridtip_2020/newsletter/templates/%!unsubscription_link!%), referer: https://dlf.mamweb.at/gridtip/gridtip_2020/newsletter/templates/mail.default.english.tmpl
[Sun Aug 02 02:31:52.591689 2026] [core:error] [pid 7652:tid 972] [client 74.7.227.158:59752] AH10244: invalid URI path (/gridtip/gridtip_2011/newsletter/templates/%!unsubscription_link!%), referer: https://dlf.mamweb.at/gridtip/gridtip_2011/newsletter/templates/mail.default.german.tmpl
[Sun Aug 02 02:32:40.607331 2026] [core:error] [pid 7652:tid 1036] [client 74.7.243.246:48576] AH10244: invalid URI path (/gridtip/gridtip_2020/newsletter/templates/%!unsubscription_link!%), referer: https://webfilebrowser.mamweb.at/gridtip/gridtip_2020/newsletter/templates/mail.default.french.tmpl
[Sun Aug 02 02:32:41.341711 2026] [core:error] [pid 7652:tid 1036] [client 74.7.243.246:48590] AH10244: invalid URI path (/gridtip/gridtip_2021/newsletter/templates/%!unsubscription_link!%), referer: https://webfilebrowser.mamweb.at/gridtip/gridtip_2021/newsletter/templates/mail.default.polish.tmpl
[Sun Aug 02 02:32:41.872947 2026] [core:error] [pid 7652:tid 1036] [client 74.7.243.246:59028] AH10244: invalid URI path (/gridtip/gridtip_2011/newsletter/templates/%!unsubscription_link!%), referer: https://webfilebrowser.mamweb.at/gridtip/gridtip_2011/newsletter/templates/mail.default.german.tmpl
[Sun Aug 02 02:32:42.388570 2026] [core:error] [pid 7652:tid 1036] [client 74.7.243.246:59040] AH10244: invalid URI path (/gridtip/gridtip_2008/newsletter/templates/%!unsubscription_link!%), referer: https://webfilebrowser.mamweb.at/gridtip/gridtip_2008/newsletter/templates/mail.default.french.tmpl
[Sun Aug 02 02:32:42.919825 2026] [core:error] [pid 7652:tid 1036] [client 74.7.243.246:59054] AH10244: invalid URI path (/gridtip/gridtip_2012/newsletter/templates/%!unsubscription_link!%), referer: https://webfilebrowser.mamweb.at/gridtip/gridtip_2012/newsletter/templates/mail.default.german.tmpl
[Sun Aug 02 02:32:43.435462 2026] [core:error] [pid 7652:tid 1036] [client 74.7.243.246:59060] AH10244: invalid URI path (/gridtip/gridtip_2009/newsletter/templates/%!unsubscription_link!%), referer: https://webfilebrowser.mamweb.at/gridtip/gridtip_2009/newsletter/templates/mail.default.english.tmpl
[Sun Aug 02 02:32:43.951081 2026] [core:error] [pid 7652:tid 912] [client 74.7.243.246:59076] AH10244: invalid URI path (/gridtip/gridtip_2010/newsletter/templates/%!unsubscription_link!%), referer: https://webfilebrowser.mamweb.at/gridtip/gridtip_2010/newsletter/templates/mail.default.english.tmpl
[Sun Aug 02 02:32:44.404207 2026] [core:error] [pid 7652:tid 912] [client 74.7.243.246:59086] AH10244: invalid URI path (/gridtip/gridtip_2007/newsletter/templates/%!unsubscription_link!%), referer: https://webfilebrowser.mamweb.at/gridtip/gridtip_2007/newsletter/templates/mail.default.german.tmpl
[Sun Aug 02 02:32:44.997960 2026] [core:error] [pid 7652:tid 912] [client 74.7.243.246:59092] AH10244: invalid URI path (/gridtip/gridtip_2022/newsletter/templates/%!unsubscription_link!%), referer: https://webfilebrowser.mamweb.at/gridtip/gridtip_2022/newsletter/templates/mail.default.english.tmpl
[Sun Aug 02 02:39:16.497760 2026] [core:error] [pid 7652:tid 744] [client 74.7.227.158:42094] AH10244: invalid URI path (/gridtip/gridtip_2013/newsletter/templates/%!unsubscription_link!%), referer: https://dlf.mamweb.at/gridtip/gridtip_2013/newsletter/templates/mail.default.polish.tmpl
[Sun Aug 02 02:39:17.247751 2026] [core:error] [pid 7652:tid 744] [client 74.7.227.158:42232] AH10244: invalid URI path (/gridtip/gridtip_2019/newsletter/templates/%!unsubscription_link!%), referer: https://dlf.mamweb.at/gridtip/gridtip_2019/newsletter/templates/mail.default.english.tmpl
[Sun Aug 02 02:39:17.825880 2026] [core:error] [pid 7652:tid 744] [client 74.7.227.158:55122] AH10244: invalid URI path (/gridtip/gridtip_2018/newsletter/templates/%!unsubscription_link!%), referer: https://dlf.mamweb.at/gridtip/gridtip_2018/newsletter/templates/mail.default.english.tmpl
[Sun Aug 02 02:39:18.622762 2026] [core:error] [pid 7652:tid 744] [client 74.7.227.158:55138] AH10244: invalid URI path (/gridtip/gridtip_2016/newsletter/templates/%!unsubscription_link!%), referer: https://dlf.mamweb.at/gridtip/gridtip_2016/newsletter/templates/mail.default.polish.tmpl
[Sun Aug 02 02:39:19.419640 2026] [core:error] [pid 7652:tid 744] [client 74.7.227.158:55140] AH10244: invalid URI path (/gridtip/gridtip_2017/newsletter/templates/%!unsubscription_link!%), referer: https://dlf.mamweb.at/gridtip/gridtip_2017/newsletter/templates/mail.default.german.tmpl
[Sun Aug 02 02:39:19.935261 2026] [core:error] [pid 7652:tid 744] [client 74.7.227.158:55146] AH10244: invalid URI path (/gridtip/gridtip_2015/newsletter/templates/%!unsubscription_link!%), referer: https://dlf.mamweb.at/gridtip/gridtip_2015/newsletter/templates/mail.default.english.tmpl
[Sun Aug 02 02:39:20.450886 2026] [core:error] [pid 7652:tid 744] [client 74.7.227.158:55158] AH10244: invalid URI path (/gridtip/gridtip_2014/newsletter/templates/%!unsubscription_link!%), referer: https://dlf.mamweb.at/gridtip/gridtip_2014/newsletter/templates/mail.default.german.tmpl
[Sun Aug 02 02:40:09.857135 2026] [core:error] [pid 7652:tid 912] [client 74.7.243.246:44018] AH10244: invalid URI path (/gridtip/gridtip_2014/newsletter/templates/%!unsubscription_link!%), referer: https://webfilebrowser.mamweb.at/gridtip/gridtip_2014/newsletter/templates/mail.default.italian.tmpl
[Sun Aug 02 02:40:10.622752 2026] [core:error] [pid 7652:tid 912] [client 74.7.243.246:59714] AH10244: invalid URI path (/gridtip/gridtip_2013/newsletter/templates/%!unsubscription_link!%), referer: https://webfilebrowser.mamweb.at/gridtip/gridtip_2013/newsletter/templates/mail.default.italian.tmpl
[Sun Aug 02 02:40:11.450885 2026] [core:error] [pid 7652:tid 912] [client 74.7.243.246:59718] AH10244: invalid URI path (/gridtip/gridtip_2017/newsletter/templates/%!unsubscription_link!%), referer: https://webfilebrowser.mamweb.at/gridtip/gridtip_2017/newsletter/templates/mail.default.english.tmpl
[Sun Aug 02 02:40:12.169637 2026] [core:error] [pid 7652:tid 912] [client 74.7.243.246:57130] AH10244: invalid URI path (/gridtip/gridtip_2016/newsletter/templates/%!unsubscription_link!%), referer: https://webfilebrowser.mamweb.at/gridtip/gridtip_2016/newsletter/templates/mail.default.polish.tmpl
[Sun Aug 02 02:40:12.950883 2026] [core:error] [pid 7652:tid 912] [client 74.7.243.246:57138] AH10244: invalid URI path (/gridtip/gridtip_2019/newsletter/templates/%!unsubscription_link!%), referer: https://webfilebrowser.mamweb.at/gridtip/gridtip_2019/newsletter/templates/mail.default.italian.tmpl
[Sun Aug 02 02:40:13.497769 2026] [core:error] [pid 7652:tid 912] [client 74.7.243.246:57140] AH10244: invalid URI path (/gridtip/gridtip_2018/newsletter/templates/%!unsubscription_link!%), referer: https://webfilebrowser.mamweb.at/gridtip/gridtip_2018/newsletter/templates/mail.default.polish.tmpl
[Sun Aug 02 02:40:14.044636 2026] [core:error] [pid 7652:tid 744] [client 74.7.243.246:57144] AH10244: invalid URI path (/gridtip/gridtip_2015/newsletter/templates/%!unsubscription_link!%), referer: https://webfilebrowser.mamweb.at/gridtip/gridtip_2015/newsletter/templates/mail.default.italian.tmpl
[Sun Aug 02 03:02:18.388007 2026] [core:error] [pid 7652:tid 956] [client 74.7.227.154:45988] AH10244: invalid URI path (/mamBLOG/htmlarea/examples/%3C%%20$_%20%%3E), referer: https://dirlisting.mamweb.at/mamBLOG/htmlarea/examples/index.html
[Sun Aug 02 03:08:49.247157 2026] [core:error] [pid 7652:tid 960] [client 74.7.243.246:53144] AH10244: invalid URI path (/nucleus/skins/grey/%3C%skinfile(default.css)%%3E), referer: https://webfilebrowser.mamweb.at/nucleus/skins/grey/pagehead.inc
[Sun Aug 02 04:02:58.527311 2026] [core:error] [pid 7652:tid 956] [client 74.7.227.154:51306] AH10244: invalid URI path (/%22%s/%22), referer: https://dirlisting.mamweb.at/mampress/wp-content/plugins/nextgen-gallery/lang/nggallery-de_DE.po
[Sun Aug 02 04:03:01.730436 2026] [core:error] [pid 7652:tid 956] [client 74.7.227.154:40790] AH10244: invalid URI path (/mampress/wp-content/plugins/nextgen-gallery/lang/%s), referer: https://dirlisting.mamweb.at/mampress/wp-content/plugins/nextgen-gallery/lang/nggallery-de_DE.mo
[Sun Aug 02 04:11:18.995842 2026] [core:error] [pid 7652:tid 872] [client 74.7.227.158:46516] AH10244: invalid URI path (/nucleus/skins/grey/%3C%skinfile(default.css)%%3E), referer: https://dlf.mamweb.at/nucleus/skins/grey/pagehead.inc
[Sun Aug 02 04:18:31.183036 2026] [core:error] [pid 7652:tid 952] [client 74.7.227.158:46982] AH10244: invalid URI path (/_phpMyAdmin.new/templates/home/%s), referer: https://dlf.mamweb.at/_phpMyAdmin.new/templates/home/git_info.twig
[Sun Aug 02 04:18:49.136160 2026] [core:error] [pid 7652:tid 872] [client 74.7.243.246:36130] AH10244: invalid URI path (/_phpMyAdmin.new/templates/home/%s), referer: https://webfilebrowser.mamweb.at/_phpMyAdmin.new/templates/home/git_info.twig
[Sun Aug 02 04:31:49.042193 2026] [core:error] [pid 7652:tid 684] [client 74.7.227.158:34510] AH10244: invalid URI path (/nucleus/skins/grey/%3C%blogurl%%3Exml-rss2.php), referer: https://dlf.mamweb.at/nucleus/skins/grey/pagehead.inc
[Sun Aug 02 04:31:52.698464 2026] [core:error] [pid 7652:tid 764] [client 74.7.243.246:55306] AH10244: invalid URI path (/nucleus/skins/grey/%3C%blogurl%%3Exml-rss2.php), referer: https://webfilebrowser.mamweb.at/nucleus/skins/grey/pagehead.inc
[Sun Aug 02 04:33:57.276534 2026] [core:error] [pid 7652:tid 684] [client 74.7.227.158:46702] AH10244: invalid URI path (/nucleus/skins/default/%3C%skinfile(nicetitle.js)%%3E), referer: https://dlf.mamweb.at/nucleus/skins/default/head.inc
[Sun Aug 02 04:34:01.260906 2026] [core:error] [pid 7652:tid 684] [client 74.7.243.246:43776] AH10244: invalid URI path (/nucleus/skins/default/%3C%skinfile(nicetitle.js)%%3E), referer: https://webfilebrowser.mamweb.at/nucleus/skins/default/head.inc
[Sun Aug 02 04:34:48.760855 2026] [core:error] [pid 7652:tid 764] [client 74.7.227.158:36912] AH10244: invalid URI path (/nucleus/skins/grey/%3C%blogurl%%3Eatom.php), referer: https://dlf.mamweb.at/nucleus/skins/grey/pagehead.inc
[Sun Aug 02 04:34:55.620245 2026] [core:error] [pid 7652:tid 684] [client 74.7.243.246:46396] AH10244: invalid URI path (/nucleus/skins/grey/%3C%blogurl%%3Eatom.php), referer: https://webfilebrowser.mamweb.at/nucleus/skins/grey/pagehead.inc
[Sun Aug 02 04:38:30.823088 2026] [core:error] [pid 7652:tid 764] [client 74.7.227.158:41774] AH10244: invalid URI path (/nucleus/skins/grey/%3C%blogurl%%3Ersd.php), referer: https://dlf.mamweb.at/nucleus/skins/grey/pagehead.inc
[Sun Aug 02 04:38:37.323158 2026] [core:error] [pid 7652:tid 684] [client 74.7.243.246:60700] AH10244: invalid URI path (/nucleus/skins/grey/%3C%blogurl%%3Ersd.php), referer: https://webfilebrowser.mamweb.at/nucleus/skins/grey/pagehead.inc
[Sun Aug 02 04:52:48.526081 2026] [core:error] [pid 7652:tid 888] [client 74.7.227.158:60146] AH10244: invalid URI path (/gridtip/gridtip-ng/newsletter/templates/%!unsubscription_link!%), referer: https://dlf.mamweb.at/gridtip/gridtip-ng/newsletter/templates/mail.default.english.tmpl.ori
[Sun Aug 02 04:52:51.557306 2026] [core:error] [pid 7652:tid 784] [client 74.7.243.246:33848] AH10244: invalid URI path (/gridtip/gridtip-ng/newsletter/templates/%!unsubscription_link!%), referer: https://webfilebrowser.mamweb.at/gridtip/gridtip-ng/newsletter/templates/mail.default.english.tmpl.ori
[Sun Aug 02 04:54:16.994804 2026] [core:error] [pid 7652:tid 824] [client 74.7.227.158:56816] AH10244: invalid URI path (/nucleus/skins/default/%3C%blogsetting(url)%%3E), referer: https://dlf.mamweb.at/nucleus/skins/default/header.inc
[Sun Aug 02 04:54:19.541681 2026] [core:error] [pid 7652:tid 952] [client 74.7.243.246:54170] AH10244: invalid URI path (/nucleus/skins/default/%3C%blogsetting(url)%%3E), referer: https://webfilebrowser.mamweb.at/nucleus/skins/default/header.inc
[Sun Aug 02 04:57:29.025831 2026] [core:error] [pid 7652:tid 880] [client 74.7.243.246:56648] AH10244: invalid URI path (/gridtip/gridtip_1stgen/newsletter/templates/%!unsubscription_link!%), referer: https://webfilebrowser.mamweb.at/gridtip/gridtip_1stgen/newsletter/templates/mail.default.french.tmpl
[Sun Aug 02 04:58:19.307079 2026] [core:error] [pid 7652:tid 824] [client 74.7.227.158:51496] AH10244: invalid URI path (/gridtip/gridtip_1stgen/newsletter/templates/%!unsubscription_link!%), referer: https://dlf.mamweb.at/gridtip/gridtip_1stgen/newsletter/templates/mail.default.italian.tmpl
[Sun Aug 02 04:59:05.416460 2026] [core:error] [pid 7652:tid 700] [client 74.7.227.154:50700] AH10244: invalid URI path (/gridtip/gridtip_2022/newsletter/templates/%!unsubscription_link!%), referer: https://dirlisting.mamweb.at/gridtip/gridtip_2022/newsletter/templates/mail.default.english.tmpl
[Sun Aug 02 04:59:06.228959 2026] [core:error] [pid 7652:tid 700] [client 74.7.227.154:50716] AH10244: invalid URI path (/gridtip/gridtip_2020/newsletter/templates/%!unsubscription_link!%), referer: https://dirlisting.mamweb.at/gridtip/gridtip_2020/newsletter/templates/mail.default.english.tmpl
[Sun Aug 02 05:02:53.916457 2026] [core:error] [pid 7652:tid 956] [client 74.7.243.246:37266] AH10244: invalid URI path (/nucleus/skins/default/%3C%sitevar(url)%%3E), referer: https://webfilebrowser.mamweb.at/nucleus/skins/default/navigation.inc
[Sun Aug 02 05:03:11.807087 2026] [core:error] [pid 7652:tid 824] [client 74.7.227.158:49610] AH10244: invalid URI path (/nucleus/skins/default/%3C%sitevar(url)%%3E), referer: https://dlf.mamweb.at/nucleus/skins/default/navigation.inc
[Sun Aug 02 05:03:24.635211 2026] [core:error] [pid 7652:tid 940] [client 74.7.243.246:51188] AH10244: invalid URI path (/nucleus/skins/grey/%3C%skinfile(atom.gif)%%3E), referer: https://webfilebrowser.mamweb.at/nucleus/skins/grey/pagefoot.inc
[Sun Aug 02 05:03:43.275817 2026] [core:error] [pid 7652:tid 824] [client 74.7.227.158:38356] AH10244: invalid URI path (/nucleus/skins/grey/%3C%skinfile(atom.gif)%%3E), referer: https://dlf.mamweb.at/nucleus/skins/grey/pagefoot.inc
[Sun Aug 02 05:24:19.056529 2026] [core:error] [pid 7652:tid 940] [client 74.7.243.246:40690] AH10244: invalid URI path (/nucleus/skins/grey/%3C%archivelink%%3E), referer: https://webfilebrowser.mamweb.at/nucleus/skins/grey/pagehead.inc
[Sun Aug 02 05:24:33.900287 2026] [core:error] [pid 7652:tid 976] [client 74.7.227.158:60188] AH10244: invalid URI path (/nucleus/skins/grey/%3C%archivelink%%3E), referer: https://dlf.mamweb.at/nucleus/skins/grey/pagehead.inc
[Sun Aug 02 05:34:12.415595 2026] [core:error] [pid 7652:tid 940] [client 74.7.243.246:55240] AH10244: invalid URI path (/nucleus/skins/grey/%3C%todaylink%%3E), referer: https://webfilebrowser.mamweb.at/nucleus/skins/grey/pagehead.inc
[Sun Aug 02 05:34:52.321800 2026] [core:error] [pid 7652:tid 976] [client 74.7.227.158:38166] AH10244: invalid URI path (/nucleus/skins/grey/%3C%todaylink%%3E), referer: https://dlf.mamweb.at/nucleus/skins/grey/pagehead.inc
[Sun Aug 02 06:01:10.274196 2026] [core:error] [pid 7652:tid 784] [client 74.7.227.158:35788] AH10244: invalid URI path (/nucleus/skins/default/%3C%archivelink%%3E), referer: https://dlf.mamweb.at/nucleus/skins/default/navigation.inc
[Sun Aug 02 06:01:21.211694 2026] [core:error] [pid 7652:tid 700] [client 74.7.243.246:50510] AH10244: invalid URI path (/nucleus/skins/default/%3C%archivelink%%3E), referer: https://webfilebrowser.mamweb.at/nucleus/skins/default/navigation.inc
[Sun Aug 02 06:04:45.336675 2026] [core:error] [pid 7652:tid 784] [client 74.7.227.158:33020] AH10244: invalid URI path (/mamBLOG/htmlarea/examples/%3C%%20$_%20%%3E), referer: https://dlf.mamweb.at/mamBLOG/htmlarea/examples/index.html
[Sun Aug 02 06:04:57.883541 2026] [core:error] [pid 7652:tid 700] [client 74.7.243.246:55702] AH10244: invalid URI path (/mamBLOG/htmlarea/examples/%3C%%20$_%20%%3E), referer: https://webfilebrowser.mamweb.at/mamBLOG/htmlarea/examples/index.html
[Sun Aug 02 06:07:44.992741 2026] [core:error] [pid 7652:tid 764] [client 74.7.227.158:45122] AH10244: invalid URI path (/nucleus/skins/grey/%3C%adminurl%%3E), referer: https://dlf.mamweb.at/nucleus/skins/grey/pagefoot.inc
[Sun Aug 02 06:07:54.445863 2026] [core:error] [pid 7652:tid 944] [client 74.7.243.246:41484] AH10244: invalid URI path (/nucleus/skins/grey/%3C%adminurl%%3E), referer: https://webfilebrowser.mamweb.at/nucleus/skins/grey/pagefoot.inc
[Sun Aug 02 06:10:39.555218 2026] [core:error] [pid 7652:tid 764] [client 74.7.227.158:33438] AH10244: invalid URI path (/_phpMyAdmin.new/templates/server/privileges/%7B%7B%20table_url|raw%20%7D%7D%7B%7B%20get_common(%7B%20%20%20%20%20%20%20%20'db':%20database|replace(%7B'/_':%20'_',%20'/%':%20'%'%7D),%20%20%20%20%20%20%20%20'table':%20table,%20%20%20%20%20%20%20%20'reload':%20true%20%20%20%20%20%20%7D,%20'&')%20%7D%7D), referer: https://dlf.mamweb.at/_phpMyAdmin.new/templates/server/privileges/user_properties.twig
[Sun Aug 02 06:10:40.617721 2026] [core:error] [pid 7652:tid 764] [client 74.7.227.158:51190] AH10244: invalid URI path (/_phpMyAdmin.new/templates/server/privileges/%7B%7B%20database_url|raw%20%7D%7D%7B%7B%20get_common(%7B%20%20%20%20%20%20'db':%20database|replace(%7B'/_':%20'_',%20'/%':%20'%'%7D),%20%20%20%20%20%20'reload':%20true%20%20%20%20%7D,%20'&')%20%7D%7D), referer: https://dlf.mamweb.at/_phpMyAdmin.new/templates/server/privileges/user_properties.twig
[Sun Aug 02 06:10:41.789609 2026] [core:error] [pid 7652:tid 940] [client 74.7.243.246:44500] AH10244: invalid URI path (/_phpMyAdmin.new/templates/server/privileges/%7B%7B%20table_url|raw%20%7D%7D%7B%7B%20get_common(%7B%20%20%20%20%20%20%20%20'db':%20database|replace(%7B'/_':%20'_',%20'/%':%20'%'%7D),%20%20%20%20%20%20%20%20'table':%20table,%20%20%20%20%20%20%20%20'reload':%20true%20%20%20%20%20%20%7D,%20'&')%20%7D%7D), referer: https://webfilebrowser.mamweb.at/_phpMyAdmin.new/templates/server/privileges/user_properties.twig
[Sun Aug 02 06:10:42.820836 2026] [core:error] [pid 7652:tid 940] [client 74.7.243.246:36752] AH10244: invalid URI path (/_phpMyAdmin.new/templates/server/privileges/%7B%7B%20database_url|raw%20%7D%7D%7B%7B%20get_common(%7B%20%20%20%20%20%20'db':%20database|replace(%7B'/_':%20'_',%20'/%':%20'%'%7D),%20%20%20%20%20%20'reload':%20true%20%20%20%20%7D,%20'&')%20%7D%7D), referer: https://webfilebrowser.mamweb.at/_phpMyAdmin.new/templates/server/privileges/user_properties.twig
[Sun Aug 02 06:11:18.430204 2026] [core:error] [pid 7652:tid 764] [client 74.7.227.158:51204] AH10244: invalid URI path (/nucleus/skins/default/%3C%skinfile(nicetitle.css)%%3E), referer: https://dlf.mamweb.at/nucleus/skins/default/head.inc
[Sun Aug 02 06:11:20.211463 2026] [core:error] [pid 7652:tid 940] [client 74.7.243.246:36764] AH10244: invalid URI path (/nucleus/skins/default/%3C%skinfile(nicetitle.css)%%3E), referer: https://webfilebrowser.mamweb.at/nucleus/skins/default/head.inc
[Sun Aug 02 06:18:00.664355 2026] [core:error] [pid 7652:tid 896] [client 74.7.227.154:41492] AH10244: invalid URI path (/_phpMyAdmin.new/templates/server/privileges/%7B%7B%20table_url|raw%20%7D%7D%7B%7B%20get_common(%7B%20%20%20%20%20%20%20%20'db':%20database|replace(%7B'/_':%20'_',%20'/%':%20'%'%7D),%20%20%20%20%20%20%20%20'table':%20table,%20%20%20%20%20%20%20%20'reload':%20true%20%20%20%20%20%20%7D,%20'&')%20%7D%7D), referer: https://dirlisting.mamweb.at/_phpMyAdmin.new/templates/server/privileges/user_properties.twig
[Sun Aug 02 06:21:17.836228 2026] [core:error] [pid 7652:tid 764] [client 74.7.227.158:57948] AH10244: invalid URI path (/nucleus/skins/default/%3C%todaylink%%3E), referer: https://dlf.mamweb.at/nucleus/skins/default/navigation.inc
[Sun Aug 02 06:21:19.789349 2026] [core:error] [pid 7652:tid 940] [client 74.7.243.246:55696] AH10244: invalid URI path (/nucleus/skins/default/%3C%todaylink%%3E), referer: https://webfilebrowser.mamweb.at/nucleus/skins/default/navigation.inc
[Sun Aug 02 06:21:20.461224 2026] [core:error] [pid 7652:tid 764] [client 74.7.227.158:43550] AH10244: invalid URI path (/nucleus/skins/default/%3C%adminurl%%3E), referer: https://dlf.mamweb.at/nucleus/skins/default/sidebar.inc
[Sun Aug 02 06:21:21.304974 2026] [core:error] [pid 7652:tid 764] [client 74.7.227.158:43554] AH10244: invalid URI path (/nucleus/skins/default/%3C%prevlink%%3E), referer: https://dlf.mamweb.at/nucleus/skins/default/navigation.inc
[Sun Aug 02 06:21:22.320592 2026] [core:error] [pid 7652:tid 948] [client 74.7.243.246:55700] AH10244: invalid URI path (/nucleus/skins/default/%3C%prevlink%%3E), referer: https://webfilebrowser.mamweb.at/nucleus/skins/default/navigation.inc
[Sun Aug 02 06:21:23.086202 2026] [core:error] [pid 7652:tid 948] [client 74.7.243.246:44386] AH10244: invalid URI path (/nucleus/skins/default/%3C%adminurl%%3E), referer: https://webfilebrowser.mamweb.at/nucleus/skins/default/sidebar.inc
[Sun Aug 02 06:37:01.976422 2026] [core:error] [pid 7652:tid 1012] [client 74.7.227.154:60962] AH10244: invalid URI path (/nucleus/skins/grey/%3C%skinfile(default.css)%%3E), referer: https://dirlisting.mamweb.at/nucleus/skins/grey/pagehead.inc
[Sun Aug 02 06:37:02.742041 2026] [core:error] [pid 7652:tid 1012] [client 74.7.227.154:49870] AH10244: invalid URI path (/nucleus/skins/grey/%3C%blogurl%%3Ersd.php), referer: https://dirlisting.mamweb.at/nucleus/skins/grey/pagehead.inc
[Sun Aug 02 06:37:04.757668 2026] [core:error] [pid 7652:tid 1012] [client 74.7.227.154:49886] AH10244: invalid URI path (/nucleus/skins/grey/%3C%blogurl%%3Eatom.php), referer: https://dirlisting.mamweb.at/nucleus/skins/grey/pagehead.inc
[Sun Aug 02 06:37:05.538924 2026] [core:error] [pid 7652:tid 916] [client 74.7.227.154:49890] AH10244: invalid URI path (/nucleus/skins/grey/%3C%todaylink%%3E), referer: https://dirlisting.mamweb.at/nucleus/skins/grey/pagehead.inc
[Sun Aug 02 06:37:16.351417 2026] [core:error] [pid 7652:tid 916] [client 74.7.227.154:49896] AH10244: invalid URI path (/nucleus/skins/grey/%3C%skinfile(atom.gif)%%3E), referer: https://dirlisting.mamweb.at/nucleus/skins/grey/pagefoot.inc
[Sun Aug 02 06:37:17.163902 2026] [core:error] [pid 7652:tid 916] [client 74.7.227.154:39332] AH10244: invalid URI path (/nucleus/skins/grey/%3C%adminurl%%3E), referer: https://dirlisting.mamweb.at/nucleus/skins/grey/pagefoot.inc
[Sun Aug 02 06:38:52.085707 2026] [core:error] [pid 7652:tid 952] [client 110.35.80.116:58876] AH10244: invalid URI path (/cgi-bin/.%2e/.%2e/.%2e/.%2e/.%2e/.%2e/.%2e/.%2e/.%2e/.%2e/bin/sh)
[Sun Aug 02 06:43:04.773196 2026] [core:error] [pid 7652:tid 944] [client 74.7.227.154:36376] AH10244: invalid URI path (/gridtip/gridtip_1stgen/newsletter/templates/%!unsubscription_link!%), referer: https://dirlisting.mamweb.at/gridtip/gridtip_1stgen/newsletter/templates/mail.default.italian.tmpl
[Sun Aug 02 06:49:32.007356 2026] [core:error] [pid 7652:tid 940] [client 31.132.90.3:38678] AH10244: invalid URI path (/cgi-bin/.%2e/.%2e/.%2e/.%2e/.%2e/.%2e/.%2e/.%2e/.%2e/.%2e/bin/sh)
[Sun Aug 02 07:12:49.991201 2026] [core:error] [pid 7652:tid 888] [client 160.30.157.214:41302] AH10244: invalid URI path (/cgi-bin/.%2e/.%2e/.%2e/.%2e/.%2e/.%2e/.%2e/.%2e/.%2e/.%2e/bin/sh)
[Sun Aug 02 07:12:52.679909 2026] [core:error] [pid 7652:tid 888] [client 160.30.157.214:41310] AH10244: invalid URI path (/cgi-bin/%%32%65%%32%65/%%32%65%%32%65/%%32%65%%32%65/%%32%65%%32%65/%%32%65%%32%65/%%32%65%%32%65/%%32%65%%32%65/bin/sh)
[Sun Aug 02 07:38:08.396724 2026] [core:error] [pid 7652:tid 796] [client 74.7.227.158:51066] AH10244: invalid URI path (/nucleus/skins/default/%3C%nextlink%%3E), referer: https://dlf.mamweb.at/nucleus/skins/default/navigation.inc
[Sun Aug 02 07:38:09.787348 2026] [core:error] [pid 7652:tid 888] [client 74.7.243.246:57282] AH10244: invalid URI path (/nucleus/skins/default/%3C%nextlink%%3E), referer: https://webfilebrowser.mamweb.at/nucleus/skins/default/navigation.inc
[Sun Aug 02 08:41:17.910911 2026] [core:error] [pid 7652:tid 976] [client 74.7.227.154:59082] AH10244: invalid URI path (/heimam/webadmin/%3C%%20$_%20%%3E), referer: https://dirlisting.mamweb.at/heimam/webadmin/webadmin.php?action=view&file=C%3A%5CProgram+Files+%28x86%29%5CApache+Software+Foundation%5CApache2.2%5Chtdocs%5CmamBLOG%5Chtmlarea%5Cexamples%5Cindex.html
[Sun Aug 02 08:54:32.394937 2026] [core:error] [pid 7652:tid 976] [client 74.7.227.154:47702] AH10244: invalid URI path (/heimam/webadmin/%3C%sitevar(url)%%3E), referer: https://dirlisting.mamweb.at/heimam/webadmin/webadmin.php?action=view&file=C%3A%5CProgram+Files+%28x86%29%5CApache+Software+Foundation%5CApache2.2%5Chtdocs%5Cnucleus%5Cskins%5Cdefault%5Cheader.inc
[Sun Aug 02 09:05:30.879099 2026] [core:error] [pid 7652:tid 924] [client 74.7.227.154:60758] AH10244: invalid URI path (/heimam/webadmin/%7B%7B%20database_url|raw%20%7D%7D%7B%7B%20get_common(%7B%20%20%20%20%20%20'db':%20database|replace(%7B'//_':%20'_',%20'//%':%20'%'%7D),%20%20%20%20%20%20'reload':%20true%20%20%20%20%7D,%20'&')%20%7D%7D), referer: https://dirlisting.mamweb.at/heimam/webadmin/webadmin.php?action=view&file=C%3A%5CProgram+Files+%28x86%29%5CApache+Software+Foundation%5CApache2.2%5Chtdocs%5C_phpMyAdmin.new%5Ctemplates%5Cserver%5Cprivileges%5Cuser_properties.twig
[Sun Aug 02 09:05:31.910349 2026] [core:error] [pid 7652:tid 924] [client 74.7.227.154:35850] AH10244: invalid URI path (/heimam/webadmin/%7B%7B%20table_url|raw%20%7D%7D%7B%7B%20get_common(%7B%20%20%20%20%20%20%20%20'db':%20database|replace(%7B'//_':%20'_',%20'//%':%20'%'%7D),%20%20%20%20%20%20%20%20'table':%20table,%20%20%20%20%20%20%20%20'reload':%20true%20%20%20%20%20%20%7D,%20'&')%20%7D%7D), referer: https://dirlisting.mamweb.at/heimam/webadmin/webadmin.php?action=view&file=C%3A%5CProgram+Files+%28x86%29%5CApache+Software+Foundation%5CApache2.2%5Chtdocs%5C_phpMyAdmin.new%5Ctemplates%5Cserver%5Cprivileges%5Cuser_properties.twig
[Sun Aug 02 09:11:02.769590 2026] [core:error] [pid 7652:tid 684] [client 74.7.227.154:46972] AH10244: invalid URI path (/heimam/webadmin/%3C%archivelink%%3E), referer: https://dirlisting.mamweb.at/heimam/webadmin/webadmin.php?action=view&file=C%3A%5CProgram+Files+%28x86%29%5CApache+Software+Foundation%5CApache2.2%5Chtdocs%5Cnucleus%5Cskins%5Cdefault%5Cnavigation.inc
[Sun Aug 02 09:11:05.972735 2026] [core:error] [pid 7652:tid 684] [client 74.7.227.154:37380] AH10244: invalid URI path (/heimam/webadmin/%3C%todaylink%%3E), referer: https://dirlisting.mamweb.at/heimam/webadmin/webadmin.php?action=view&file=C%3A%5CProgram+Files+%28x86%29%5CApache+Software+Foundation%5CApache2.2%5Chtdocs%5Cnucleus%5Cskins%5Cdefault%5Cnavigation.inc
[Sun Aug 02 09:11:07.644591 2026] [core:error] [pid 7652:tid 684] [client 74.7.227.154:37394] AH10244: invalid URI path (/heimam/webadmin/%3C%nextlink%%3E), referer: https://dirlisting.mamweb.at/heimam/webadmin/webadmin.php?action=view&file=C%3A%5CProgram+Files+%28x86%29%5CApache+Software+Foundation%5CApache2.2%5Chtdocs%5Cnucleus%5Cskins%5Cdefault%5Cnavigation.inc
[Sun Aug 02 09:11:28.613363 2026] [core:error] [pid 7652:tid 684] [client 74.7.227.154:39662] AH10244: invalid URI path (/heimam/webadmin/%3C%adminurl%%3E), referer: https://dirlisting.mamweb.at/heimam/webadmin/webadmin.php?action=view&file=C%3A%5CProgram+Files+%28x86%29%5CApache+Software+Foundation%5CApache2.2%5Chtdocs%5Cnucleus%5Cskins%5Cdefault%5Csidebar.inc
[Sun Aug 02 09:34:41.956644 2026] [core:error] [pid 7652:tid 1028] [client 216.73.216.23:44934] AH10244: invalid URI path (/nucleus/skins/default/%3C%prevlink%%3E)
[Sun Aug 02 09:34:51.659764 2026] [core:error] [pid 7652:tid 1020] [client 216.73.216.23:8322] AH10244: invalid URI path (/nucleus/skins/default/%3C%nextlink%%3E)
[Sun Aug 02 09:35:29.534777 2026] [core:error] [pid 7652:tid 920] [client 74.7.227.154:44970] AH10244: invalid URI path (/heimam/webadmin/%3C%blogsetting(url)%%3E), referer: https://dirlisting.mamweb.at/heimam/webadmin/webadmin.php?action=view&file=C%3A%5CProgram+Files+%28x86%29%5CApache+Software+Foundation%5CApache2.2%5Chtdocs%5Cnucleus%5Cskins%5Cdefault%5Cheader.inc
[Sun Aug 02 09:36:48.472286 2026] [proxy_http:error] [pid 7652:tid 744] (OS 10060)A connection attempt failed because the connected party did not properly respond after a period of time, or established connection failed because connected host has failed to respond. : [client 74.7.243.246:42350] AH01102: error reading status line from remote server 127.0.0.1:18080, referer: https://webfilebrowser.mamweb.at/netspot/index.php?Itemid=7&catid=5&option=com_newsfeeds
[Sun Aug 02 09:36:48.472286 2026] [proxy:error] [pid 7652:tid 744] [client 74.7.243.246:42350] AH00898: Error reading from remote server returned by /netspot/index.php, referer: https://webfilebrowser.mamweb.at/netspot/index.php?Itemid=7&catid=5&option=com_newsfeeds
[Sun Aug 02 09:36:57.816036 2026] [core:error] [pid 7652:tid 872] [client 216.73.216.23:60192] AH10244: invalid URI path (/nucleus/skins/default/%3C%blogsetting(url)%%3E)
[Sun Aug 02 09:37:01.362899 2026] [core:error] [pid 7652:tid 744] [client 216.73.216.23:44166] AH10244: invalid URI path (/nucleus/skins/default/%3C%skinfile(nicetitle.css)%%3E)
[Sun Aug 02 09:37:14.706627 2026] [core:error] [pid 7652:tid 976] [client 216.73.216.23:21188] AH10244: invalid URI path (/nucleus/skins/default/%3C%skinfile(nicetitle.js)%%3E)
[Sun Aug 02 09:42:26.690928 2026] [ssl:error] [pid 7652:tid 992] [client 43.224.150.127:46272] AH02032: Hostname gridtip.net provided via SNI and hostname www.metahomeaccupick.com provided via HTTP have no compatible SSL setup
[Sun Aug 02 09:53:43.487654 2026] [core:error] [pid 7652:tid 976] [client 216.73.216.23:29978] AH10244: invalid URI path (/nucleus/skins/grey/%3C%blogurl%%3Exml-rss2.php)
[Sun Aug 02 09:55:08.581337 2026] [core:error] [pid 7652:tid 948] [client 216.73.216.23:38904] AH10244: invalid URI path (/nucleus/skins/grey/%3C%skinfile(default.css)%%3E)
[Sun Aug 02 09:55:09.221969 2026] [core:error] [pid 7652:tid 784] [client 216.73.216.23:34074] AH10244: invalid URI path (/nucleus/skins/default/%3C%blogsetting(url)%%3E)
[Sun Aug 02 09:56:12.487556 2026] [core:error] [pid 7652:tid 872] [client 216.73.216.23:13925] AH10244: invalid URI path (/nucleus/skins/grey/%3C%todaylink%%3E)
[Sun Aug 02 09:56:52.768796 2026] [core:error] [pid 7652:tid 940] [client 216.73.216.23:34990] AH10244: invalid URI path (/nucleus/skins/grey/%3C%archivelink%%3E)
[Sun Aug 02 09:57:11.628164 2026] [core:error] [pid 7652:tid 744] [client 216.73.216.23:45960] AH10244: invalid URI path (/nucleus/skins/grey/%3C%blogurl%%3Ersd.php)
[Sun Aug 02 10:05:07.456207 2026] [core:error] [pid 7652:tid 960] [client 74.7.227.154:46246] AH10244: invalid URI path (/heimam/webadmin/%!unsubscription_link!%), referer: https://dirlisting.mamweb.at/heimam/webadmin/webadmin.php?action=view&file=C%3A%5CProgram+Files+%28x86%29%5CApache+Software+Foundation%5CApache2.2%5Chtdocs%5Cgridtip%5Cgridtip_2009%5Cnewsletter%5Ctemplates%5Cmail.default.english.tmpl.ori
[Sun Aug 02 10:27:03.502591 2026] [core:error] [pid 7652:tid 876] [client 74.7.243.246:48808] AH10244: invalid URI path (/heimam/webadmin/%s%s%s), referer: https://webfilebrowser.mamweb.at/heimam/webadmin/webadmin.php?action=view&file=C%3A%5C_PHP%5Cphp8ts.dll
[Sun Aug 02 10:27:32.565061 2026] [core:error] [pid 7652:tid 776] [client 74.7.227.158:59028] AH10244: invalid URI path (/heimam/webadmin/%s%s%s), referer: https://dlf.mamweb.at/heimam/webadmin/webadmin.php?action=view&file=C%3A%5C_PHP%5Cphp8ts.dll
[Sun Aug 02 10:30:37.174450 2026] [core:error] [pid 7652:tid 876] [client 74.7.243.246:38090] AH10244: invalid URI path (/%22%3C/r/n/r/n%blogsetting(url)%), referer: https://webfilebrowser.mamweb.at/heimam/webadmin/webadmin.php?action=view&file=C%3A%5CSYSDOC%5Call_mysqldatabases.sql
[Sun Aug 02 10:31:04.111969 2026] [core:error] [pid 7652:tid 776] [client 74.7.227.158:48938] AH10244: invalid URI path (/%22%3C/r/n/r/n%blogsetting(url)%), referer: https://dlf.mamweb.at/heimam/webadmin/webadmin.php?action=view&file=C%3A%5CSYSDOC%5Call_mysqldatabases.sql
[Sun Aug 02 10:31:24.486962 2026] [core:error] [pid 7652:tid 936] [client 74.7.243.246:44874] AH10244: invalid URI path (/%22%3C%categorylink%), referer: https://webfilebrowser.mamweb.at/heimam/webadmin/webadmin.php?action=view&file=C%3A%5CSYSDOC%5Call_mysqldatabases.sql
[Sun Aug 02 10:31:25.268194 2026] [core:error] [pid 7652:tid 936] [client 74.7.243.246:52972] AH10244: invalid URI path (/%22%3C%authorlink%), referer: https://webfilebrowser.mamweb.at/heimam/webadmin/webadmin.php?action=view&file=C%3A%5CSYSDOC%5Call_mysqldatabases.sql
[Sun Aug 02 10:31:28.080720 2026] [core:error] [pid 7652:tid 936] [client 74.7.243.246:52986] AH10244: invalid URI path (/%22%3C%archivelink%), referer: https://webfilebrowser.mamweb.at/heimam/webadmin/webadmin.php?action=view&file=C%3A%5CSYSDOC%5Call_mysqldatabases.sql
[Sun Aug 02 10:31:28.861973 2026] [core:error] [pid 7652:tid 936] [client 74.7.243.246:52994] AH10244: invalid URI path (/%22%3C%userlinkraw%), referer: https://webfilebrowser.mamweb.at/heimam/webadmin/webadmin.php?action=view&file=C%3A%5CSYSDOC%5Call_mysqldatabases.sql
[Sun Aug 02 10:31:29.705714 2026] [core:error] [pid 7652:tid 936] [client 74.7.243.246:53010] AH10244: invalid URI path (/%22%3C%editlink%), referer: https://webfilebrowser.mamweb.at/heimam/webadmin/webadmin.php?action=view&file=C%3A%5CSYSDOC%5Call_mysqldatabases.sql
[Sun Aug 02 10:31:46.799468 2026] [core:error] [pid 7652:tid 872] [client 74.7.243.246:53020] AH10244: invalid URI path (/%22%3C%itemlink%), referer: https://webfilebrowser.mamweb.at/heimam/webadmin/webadmin.php?action=view&file=C%3A%5CSYSDOC%5Call_mysqldatabases.sql
[Sun Aug 02 10:31:50.346342 2026] [core:error] [pid 7652:tid 784] [client 74.7.227.158:54536] AH10244: invalid URI path (/%22%3C%categorylink%), referer: https://dlf.mamweb.at/heimam/webadmin/webadmin.php?action=view&file=C%3A%5CSYSDOC%5Call_mysqldatabases.sql
[Sun Aug 02 10:31:51.127566 2026] [core:error] [pid 7652:tid 784] [client 74.7.227.158:48236] AH10244: invalid URI path (/%22%3C%authorlink%), referer: https://dlf.mamweb.at/heimam/webadmin/webadmin.php?action=view&file=C%3A%5CSYSDOC%5Call_mysqldatabases.sql
[Sun Aug 02 10:31:54.033850 2026] [core:error] [pid 7652:tid 896] [client 74.7.227.158:48240] AH10244: invalid URI path (/%22%3C%archivelink%), referer: https://dlf.mamweb.at/heimam/webadmin/webadmin.php?action=view&file=C%3A%5CSYSDOC%5Call_mysqldatabases.sql
[Sun Aug 02 10:31:54.752589 2026] [core:error] [pid 7652:tid 896] [client 74.7.227.158:48256] AH10244: invalid URI path (/%22%3C%userlinkraw%), referer: https://dlf.mamweb.at/heimam/webadmin/webadmin.php?action=view&file=C%3A%5CSYSDOC%5Call_mysqldatabases.sql
[Sun Aug 02 10:31:55.252586 2026] [core:error] [pid 7652:tid 684] [client 74.7.227.158:48264] AH10244: invalid URI path (/%22%3C%editlink%), referer: https://dlf.mamweb.at/heimam/webadmin/webadmin.php?action=view&file=C%3A%5CSYSDOC%5Call_mysqldatabases.sql
[Sun Aug 02 10:32:12.408843 2026] [core:error] [pid 7652:tid 936] [client 74.7.227.158:48266] AH10244: invalid URI path (/%22%3C%itemlink%), referer: https://dlf.mamweb.at/heimam/webadmin/webadmin.php?action=view&file=C%3A%5CSYSDOC%5Call_mysqldatabases.sql
[Sun Aug 02 10:32:47.002586 2026] [core:error] [pid 7652:tid 956] [client 74.7.243.246:55640] AH10244: invalid URI path (/%22%3C%catlink%), referer: https://webfilebrowser.mamweb.at/heimam/webadmin/webadmin.php?action=view&file=C%3A%5CSYSDOC%5Call_mysqldatabases.sql
[Sun Aug 02 10:32:57.877591 2026] [core:error] [pid 7652:tid 956] [client 74.7.243.246:35776] AH10244: invalid URI path (/%22%3C%blogurl%), referer: https://webfilebrowser.mamweb.at/heimam/webadmin/webadmin.php?action=view&file=C%3A%5CSYSDOC%5Call_mysqldatabases.sql
[Sun Aug 02 10:33:13.127592 2026] [core:error] [pid 7652:tid 936] [client 74.7.227.158:32768] AH10244: invalid URI path (/%22%3C%catlink%), referer: https://dlf.mamweb.at/heimam/webadmin/webadmin.php?action=view&file=C%3A%5CSYSDOC%5Call_mysqldatabases.sql
[Sun Aug 02 10:33:24.158844 2026] [core:error] [pid 7652:tid 896] [client 74.7.227.158:39060] AH10244: invalid URI path (/%22%3C%blogurl%), referer: https://dlf.mamweb.at/heimam/webadmin/webadmin.php?action=view&file=C%3A%5CSYSDOC%5Call_mysqldatabases.sql
[Sun Aug 02 10:34:42.143221 2026] [core:error] [pid 7652:tid 776] [client 74.7.243.246:34044] AH10244: invalid URI path (/%22%3C%member(url)%), referer: https://webfilebrowser.mamweb.at/heimam/webadmin/webadmin.php?action=view&file=C%3A%5CSYSDOC%5Call_mysqldatabases.sql
[Sun Aug 02 10:35:09.111947 2026] [core:error] [pid 7652:tid 1004] [client 74.7.227.158:45886] AH10244: invalid URI path (/%22%3C%member(url)%), referer: https://dlf.mamweb.at/heimam/webadmin/webadmin.php?action=view&file=C%3A%5CSYSDOC%5Call_mysqldatabases.sql
[Sun Aug 02 10:35:47.768166 2026] [core:error] [pid 7652:tid 936] [client 216.73.216.23:9893] AH10244: invalid URI path (/_phpMyAdmin.new/templates/home/%7B%7B%20'https:/github.com/phpmyadmin/phpmyadmin/commit/%s'|format(hash|e)|link%20%7D%7D)
[Sun Aug 02 10:39:57.236794 2026] [core:error] [pid 7652:tid 1040] [client 216.73.216.23:32241] AH10244: invalid URI path (/_phpMyAdmin.new/templates/home/%s)
[Sun Aug 02 10:52:27.736672 2026] [core:error] [pid 7652:tid 992] [client 216.73.216.23:64680] AH10244: invalid URI path (/nucleus/skins/grey/%3C%todaylink%%3E)
[Sun Aug 02 10:52:40.174154 2026] [core:error] [pid 7652:tid 744] [client 216.73.216.23:59588] AH10244: invalid URI path (/nucleus/skins/grey/%3C%archivelink%%3E)
[Sun Aug 02 10:55:16.861619 2026] [core:error] [pid 7652:tid 996] [client 216.73.216.23:25053] AH10244: invalid URI path (/nucleus/skins/grey/%3C%skinfile(atom.gif)%%3E)
[Sun Aug 02 11:00:40.580190 2026] [core:error] [pid 7652:tid 936] [client 216.73.216.23:33234] AH10244: invalid URI path (/mamBLOG/htmlarea/examples/%3C%%20$_%20%%3E)
[Sun Aug 02 11:01:55.049004 2026] [core:error] [pid 7652:tid 876] [client 216.73.216.23:15121] AH10244: invalid URI path (/nucleus/skins/default/%3C%adminurl%%3E)
[Sun Aug 02 11:03:09.330243 2026] [core:error] [pid 7652:tid 956] [client 216.73.216.23:1791] AH10244: invalid URI path (/nucleus/skins/default/%3C%skinfile(nicetitle.css)%%3E)
[Sun Aug 02 11:03:12.830264 2026] [core:error] [pid 7652:tid 1004] [client 216.73.216.23:15916] AH10244: invalid URI path (/nucleus/skins/default/%3C%skinfile(default_right.css)%%3E)
[Sun Aug 02 11:03:19.158389 2026] [core:error] [pid 7652:tid 952] [client 216.73.216.23:46424] AH10244: invalid URI path (/nucleus/skins/default/%3C%skinfile(nicetitle.js)%%3E)
[Sun Aug 02 11:07:09.705406 2026] [core:error] [pid 7652:tid 888] [client 216.73.216.23:15745] AH10244: invalid URI path (/nucleus/skins/default/%3C%skinfile(default_right.css)%%3E)
[Sun Aug 02 11:07:28.923935 2026] [core:error] [pid 7652:tid 900] [client 216.73.216.23:1515] AH10244: invalid URI path (/nucleus/skins/default/%3C%todaylink%%3E)
[Sun Aug 02 11:08:00.252006 2026] [core:error] [pid 7652:tid 776] [client 216.73.216.23:21409] AH10244: invalid URI path (/nucleus/skins/default/%3C%sitevar(url)%%3E)
[Sun Aug 02 11:09:36.095760 2026] [core:error] [pid 7652:tid 880] [client 216.73.216.23:47314] AH10244: invalid URI path (/gridtip/gridtip_2021/newsletter/templates/%!unsubscription_link!%)
[Sun Aug 02 11:10:14.798895 2026] [core:error] [pid 7652:tid 952] [client 216.73.216.23:7332] AH10244: invalid URI path (/gridtip/gridtip_2013/newsletter/templates/%!unsubscription_link!%)
[Sun Aug 02 11:10:15.720755 2026] [core:error] [pid 7652:tid 996] [client 216.73.216.23:12028] AH10244: invalid URI path (/gridtip/gridtip_2008/newsletter/templates/%!unsubscription_link!%)
[Sun Aug 02 11:10:19.330145 2026] [core:error] [pid 7652:tid 940] [client 216.73.216.23:35001] AH10244: invalid URI path (/gridtip/gridtip_2014/newsletter/templates/%!unsubscription_link!%)
[Sun Aug 02 11:10:49.267650 2026] [core:error] [pid 7652:tid 896] [client 216.73.216.23:21279] AH10244: invalid URI path (/gridtip/gridtip_2012/newsletter/templates/%!unsubscription_link!%)
[Sun Aug 02 11:11:33.877000 2026] [core:error] [pid 7652:tid 952] [client 216.73.216.23:65096] AH10244: invalid URI path (/gridtip/gridtip_2009/newsletter/templates/%!unsubscription_link!%)
[Sun Aug 02 11:13:35.189513 2026] [core:error] [pid 7652:tid 936] [client 74.7.227.154:42776] AH10244: invalid URI path (/heimam/webadmin/%7B%7B%20'https:/github.com/phpmyadmin/phpmyadmin/commit/%s'|format(hash|e)|link%20%7D%7D), referer: https://dirlisting.mamweb.at/heimam/webadmin/webadmin.php?action=view&file=C%3A%5CProgram+Files+%28x86%29%5CApache+Software+Foundation%5CApache2.2%5Chtdocs%5C_phpMyAdmin.new%5Ctemplates%5Chome%5Cgit_info.twig
[Sun Aug 02 11:13:42.267639 2026] [core:error] [pid 7652:tid 764] [client 74.7.227.158:42350] AH10244: invalid URI path (/heimam/webadmin/%s), referer: https://dlf.mamweb.at/heimam/webadmin/webadmin.php?action=view&file=C%3A%5CProgram+Files%5CCertbot%5Cpkgs%5Csetuptools%5C__pycache__%5Cpackage_index.cpython-39.pyc
[Sun Aug 02 11:14:28.580028 2026] [core:error] [pid 7652:tid 936] [client 74.7.227.154:42342] AH10244: invalid URI path (/heimam/webadmin/%3C%skinfile(default_right.css)%%3E), referer: https://dirlisting.mamweb.at/heimam/webadmin/webadmin.php?action=view&file=C%3A%5CProgram+Files+%28x86%29%5CApache+Software+Foundation%5CApache2.2%5Chtdocs%5Cnucleus%5Cskins%5Cdefault%5Chead.inc
[Sun Aug 02 11:14:29.376899 2026] [core:error] [pid 7652:tid 940] [client 74.7.227.154:52262] AH10244: invalid URI path (/heimam/webadmin/%3C%skinfile(nicetitle.css)%%3E), referer: https://dirlisting.mamweb.at/heimam/webadmin/webadmin.php?action=view&file=C%3A%5CProgram+Files+%28x86%29%5CApache+Software+Foundation%5CApache2.2%5Chtdocs%5Cnucleus%5Cskins%5Cdefault%5Chead.inc
[Sun Aug 02 11:14:30.705035 2026] [core:error] [pid 7652:tid 940] [client 74.7.227.154:52268] AH10244: invalid URI path (/heimam/webadmin/%3C%skinfile(nicetitle.js)%%3E), referer: https://dirlisting.mamweb.at/heimam/webadmin/webadmin.php?action=view&file=C%3A%5CProgram+Files+%28x86%29%5CApache+Software+Foundation%5CApache2.2%5Chtdocs%5Cnucleus%5Cskins%5Cdefault%5Chead.inc
[Sun Aug 02 11:16:09.533238 2026] [core:error] [pid 7652:tid 764] [client 216.73.216.23:55064] AH10244: invalid URI path (/_phpMyAdmin.new/templates/home/%s)
[Sun Aug 02 11:17:12.158176 2026] [core:error] [pid 7652:tid 1020] [client 216.73.216.23:4654] AH10244: invalid URI path (/nucleus/skins/default/%3C%prevlink%%3E)
[Sun Aug 02 11:17:43.236157 2026] [core:error] [pid 7652:tid 876] [client 216.73.216.23:20011] AH10244: invalid URI path (/nucleus/skins/default/%3C%nextlink%%3E)
[Sun Aug 02 11:17:52.595528 2026] [core:error] [pid 7652:tid 684] [client 216.73.216.23:62753] AH10244: invalid URI path (/nucleus/skins/default/%3C%archivelink%%3E)
[Sun Aug 02 11:18:05.001765 2026] [core:error] [pid 7652:tid 752] [client 216.73.216.23:16692] AH10244: invalid URI path (/nucleus/skins/grey/%3C%adminurl%%3E)
[Sun Aug 02 11:18:34.861137 2026] [core:error] [pid 7652:tid 752] [client 216.73.216.23:58018] AH10244: invalid URI path (/nucleus/skins/default/%3C%todaylink%%3E)
[Sun Aug 02 11:22:16.736137 2026] [core:error] [pid 7652:tid 936] [client 74.7.243.246:51094] AH10244: invalid URI path (/heimam/webadmin/%s), referer: https://webfilebrowser.mamweb.at/heimam/webadmin/webadmin.php?action=view&file=C%3A%5CProgram+Files%5CCertbot%5Cpkgs%5Csetuptools%5C__pycache__%5Cpackage_index.cpython-39.pyc
[Sun Aug 02 11:22:18.048616 2026] [core:error] [pid 7652:tid 832] [client 216.73.216.23:31675] AH10244: invalid URI path (/nucleus/skins/default/%3C%sitevar(url)%%3E)
[Sun Aug 02 11:26:18.001676 2026] [core:error] [pid 7652:tid 880] [client 216.73.216.23:29375] AH10244: invalid URI path (/gridtip/gridtip_2007/newsletter/templates/%!unsubscription_link!%)
[Sun Aug 02 11:26:44.173528 2026] [core:error] [pid 7652:tid 856] [client 216.73.216.23:48661] AH10244: invalid URI path (/gridtip/gridtip_2020/newsletter/templates/%!unsubscription_link!%)
[Sun Aug 02 11:26:44.454799 2026] [core:error] [pid 7652:tid 816] [client 216.73.216.23:29365] AH10244: invalid URI path (/gridtip/gridtip_2010/newsletter/templates/%!unsubscription_link!%)
[Sun Aug 02 11:26:45.157910 2026] [core:error] [pid 7652:tid 752] [client 216.73.216.23:27956] AH10244: invalid URI path (/gridtip/gridtip_2015/newsletter/templates/%!unsubscription_link!%)
[Sun Aug 02 11:26:45.486032 2026] [core:error] [pid 7652:tid 956] [client 216.73.216.23:32884] AH10244: invalid URI path (/gridtip/gridtip_2018/newsletter/templates/%!unsubscription_link!%)
[Sun Aug 02 11:28:29.126610 2026] [proxy_http:error] [pid 7652:tid 684] (OS 10060)A connection attempt failed because the connected party did not properly respond after a period of time, or established connection failed because connected host has failed to respond. : [client 74.7.227.158:52866] AH01102: error reading status line from remote server 127.0.0.1:18080, referer: https://dlf.mamweb.at/heimam/webadmin/webadmin.php?dir=C%3A%5CWindows%5Cservicing
[Sun Aug 02 11:28:29.126610 2026] [proxy:error] [pid 7652:tid 684] [client 74.7.227.158:52866] AH00898: Error reading from remote server returned by /heimam/webadmin/webadmin.php, referer: https://dlf.mamweb.at/heimam/webadmin/webadmin.php?dir=C%3A%5CWindows%5Cservicing
[Sun Aug 02 11:29:42.032874 2026] [core:error] [pid 7652:tid 700] [client 216.73.216.23:45457] AH10244: invalid URI path (/gridtip/gridtip_2021/newsletter/templates/%!unsubscription_link!%)
[Sun Aug 02 11:31:37.470373 2026] [core:error] [pid 7652:tid 1004] [client 216.73.216.23:56202] AH10244: invalid URI path (/gridtip/gridtip_2012/newsletter/templates/%!unsubscription_link!%)
[Sun Aug 02 11:32:18.814105 2026] [core:error] [pid 7652:tid 992] [client 216.73.216.23:31786] AH10244: invalid URI path (/gridtip/gridtip_2011/newsletter/templates/%!unsubscription_link!%)
[Sun Aug 02 11:32:19.189121 2026] [core:error] [pid 7652:tid 924] [client 216.73.216.23:64080] AH10244: invalid URI path (/gridtip/gridtip_2016/newsletter/templates/%!unsubscription_link!%)
[Sun Aug 02 11:34:05.314131 2026] [core:error] [pid 7652:tid 900] [client 216.73.216.23:54385] AH10244: invalid URI path (/gridtip/gridtip-ng/newsletter/templates/%!unsubscription_link!%)
[Sun Aug 02 11:34:10.689124 2026] [core:error] [pid 7652:tid 764] [client 216.73.216.23:2884] AH10244: invalid URI path (/gridtip/gridtip_2022/newsletter/templates/%!unsubscription_link!%)
