[Sun Aug 02 11:34:11.329747 2026] [core:error] [pid 7652:tid 896] [client 216.73.216.23:17403] AH10244: invalid URI path (/gridtip/gridtip_2019/newsletter/templates/%!unsubscription_link!%)
[Sun Aug 02 11:35:27.876544 2026] [core:error] [pid 7652:tid 924] [client 216.73.216.23:13188] AH10244: invalid URI path (/nucleus/skins/grey/%3C%skinfile(atom.gif)%%3E)
[Sun Aug 02 12:22:56.328670 2026] [core:error] [pid 7652:tid 928] [client 216.73.216.23:50370] AH10244: invalid URI path (/nucleus/skins/grey/%3C%adminurl%%3E)
[Sun Aug 02 12:23:13.391185 2026] [core:error] [pid 7652:tid 1008] [client 216.73.216.23:3948] AH10244: invalid URI path (/nucleus/skins/grey/%3C%blogurl%%3Eatom.php)
[Sun Aug 02 12:23:15.859916 2026] [core:error] [pid 7652:tid 856] [client 216.73.216.23:23163] AH10244: invalid URI path (/nucleus/skins/grey/%3C%blogurl%%3Exml-rss2.php)
[Sun Aug 02 12:23:23.219303 2026] [core:error] [pid 7652:tid 700] [client 74.7.227.154:55922] AH10244: invalid URI path (/heimam/webadmin/%c%s), referer: https://dirlisting.mamweb.at/heimam/webadmin/webadmin.php?action=view&file=C%3A%5CProgram+Files+%28x86%29%5CApache+Software+Foundation%5CApache2.2%5Cmodules%5Cmod_info.so
[Sun Aug 02 12:24:07.344295 2026] [core:error] [pid 7652:tid 992] [client 216.73.216.23:16051] AH10244: invalid URI path (/nucleus/skins/grey/%3C%skinfile(default.css)%%3E)
[Sun Aug 02 12:24:26.141152 2026] [core:error] [pid 7652:tid 992] [client 74.7.227.154:37196] AH10244: invalid URI path (/heimam/webadmin/%s%s/), referer: https://dirlisting.mamweb.at/heimam/webadmin/webadmin.php?action=view&file=C%3A%5CProgram+Files+%28x86%29%5CApache+Software+Foundation%5CApache2.2%5Cmodules%5Cmod_proxy_ftp.so
[Sun Aug 02 12:24:26.938037 2026] [core:error] [pid 7652:tid 944] [client 74.7.227.154:55338] AH10244: invalid URI path (/heimam/webadmin/%s/), referer: https://dirlisting.mamweb.at/heimam/webadmin/webadmin.php?action=view&file=C%3A%5CProgram+Files+%28x86%29%5CApache+Software+Foundation%5CApache2.2%5Cmodules%5Cmod_proxy_ftp.so
[Sun Aug 02 12:25:01.125554 2026] [core:error] [pid 7652:tid 896] [client 216.73.216.23:12443] AH10244: invalid URI path (/nucleus/skins/grey/%3C%blogurl%%3Ersd.php)
[Sun Aug 02 12:29:10.578340 2026] [core:error] [pid 7652:tid 776] [client 216.73.216.23:4800] AH10244: invalid URI path (/gridtip/gridtip_2011/newsletter/templates/%!unsubscription_link!%)
[Sun Aug 02 12:29:12.265824 2026] [core:error] [pid 7652:tid 888] [client 216.73.216.23:19067] AH10244: invalid URI path (/gridtip/gridtip_2016/newsletter/templates/%!unsubscription_link!%)
[Sun Aug 02 12:29:44.718972 2026] [core:error] [pid 7652:tid 764] [client 216.73.216.23:50204] AH10244: invalid URI path (/gridtip/gridtip_2017/newsletter/templates/%!unsubscription_link!%)
[Sun Aug 02 12:31:25.031464 2026] [core:error] [pid 7652:tid 824] [client 216.73.216.23:46186] AH10244: invalid URI path (/gridtip/gridtip-ng/newsletter/templates/%!unsubscription_link!%)
[Sun Aug 02 12:31:40.922088 2026] [core:error] [pid 7652:tid 824] [client 216.73.216.23:1751] AH10244: invalid URI path (/heimam/webadmin/%3C%blogurl%%3Eindex.php?itemid=%3C%25itemid%25%3E)
[Sun Aug 02 12:31:45.906441 2026] [core:error] [pid 7652:tid 960] [client 216.73.216.23:32399] AH10244: invalid URI path (/gridtip/gridtip_1stgen/newsletter/templates/%!unsubscription_link!%)
[Sun Aug 02 12:32:12.906421 2026] [core:error] [pid 7652:tid 1040] [client 74.7.227.154:49232] AH10244: invalid URI path (/heimam/webadmin/%s?%s), referer: https://dirlisting.mamweb.at/heimam/webadmin/webadmin.php?action=view&file=C%3A%5CProgram+Files+%28x86%29%5CApache+Software+Foundation%5CApache2.2%5Cmodules%5Cmod_ldap.so
[Sun Aug 02 12:32:14.172039 2026] [core:error] [pid 7652:tid 996] [client 216.73.216.23:10959] AH10244: invalid URI path (/_phpMyAdmin.new/templates/home/%7B%7B%20'https:/github.com/phpmyadmin/phpmyadmin/commit/%s'|format(hash|e)|link%20%7D%7D)
[Sun Aug 02 12:35:47.047136 2026] [core:error] [pid 7652:tid 844] [client 216.73.216.23:44065] AH10244: invalid URI path (/nucleus/skins/default/%3C%archivelink%%3E)
[Sun Aug 02 12:44:27.296979 2026] [core:error] [pid 7652:tid 960] [client 74.7.227.158:56010] AH10244: invalid URI path (/heimam/webadmin/%3C%=%20strURL%20%%3E), referer: https://dlf.mamweb.at/heimam/webadmin/webadmin.php?action=view&file=C%3A%5Cinetpub%5Ccusterr%5Cfr-FR%5C500-100.asp
[Sun Aug 02 12:58:22.296478 2026] [core:error] [pid 7652:tid 1012] [client 216.73.216.23:63720] AH10244: invalid URI path (/gridtip/gridtip_2007/newsletter/templates/%!unsubscription_link!%)
[Sun Aug 02 12:58:55.687103 2026] [core:error] [pid 7652:tid 912] [client 216.73.216.23:65107] AH10244: invalid URI path (/gridtip/gridtip_2020/newsletter/templates/%!unsubscription_link!%)
[Sun Aug 02 12:58:56.124605 2026] [core:error] [pid 7652:tid 836] [client 216.73.216.23:26439] AH10244: invalid URI path (/gridtip/gridtip_2008/newsletter/templates/%!unsubscription_link!%)
[Sun Aug 02 12:58:56.890227 2026] [core:error] [pid 7652:tid 864] [client 216.73.216.23:26410] AH10244: invalid URI path (/gridtip/gridtip_2010/newsletter/templates/%!unsubscription_link!%)
[Sun Aug 02 12:59:05.327719 2026] [core:error] [pid 7652:tid 1028] [client 216.73.216.23:33971] AH10244: invalid URI path (/gridtip/gridtip_2015/newsletter/templates/%!unsubscription_link!%)
[Sun Aug 02 12:59:09.077715 2026] [core:error] [pid 7652:tid 764] [client 216.73.216.23:22326] AH10244: invalid URI path (/gridtip/gridtip_2018/newsletter/templates/%!unsubscription_link!%)
[Sun Aug 02 13:20:23.796086 2026] [core:error] [pid 7652:tid 892] [client 74.7.227.158:53656] AH10244: invalid URI path (/nucleus/skins/default/%3C%skinfile(default_right.css)%%3E), referer: https://dlf.mamweb.at/nucleus/skins/default/head.inc
[Sun Aug 02 13:20:33.936701 2026] [core:error] [pid 7652:tid 836] [client 74.7.243.246:39628] AH10244: invalid URI path (/nucleus/skins/default/%3C%skinfile(default_right.css)%%3E), referer: https://webfilebrowser.mamweb.at/nucleus/skins/default/head.inc
[Sun Aug 02 13:38:42.233245 2026] [core:error] [pid 7652:tid 1020] [client 34.6.20.219:12002] AH10244: invalid URI path (/@fs/../../.env)
[Sun Aug 02 13:39:14.248890 2026] [core:error] [pid 7652:tid 924] [client 34.6.20.219:38222] AH10244: invalid URI path (/cgi-bin/.%2e/.%2e/.%2e/.%2e/bin/sh)
[Sun Aug 02 13:44:44.155116 2026] [core:error] [pid 7652:tid 836] [client 216.73.216.23:59232] AH10244: invalid URI path (/heimam/webadmin/%c%s)
[Sun Aug 02 13:44:48.983240 2026] [core:error] [pid 7652:tid 960] [client 216.73.216.23:14115] AH10244: invalid URI path (/heimam/webadmin/%s/)
[Sun Aug 02 13:46:34.373827 2026] [core:error] [pid 7652:tid 1020] [client 216.73.216.23:44203] AH10244: invalid URI path (/mampress/wp-content/plugins/nextgen-gallery/lang//%22%s/%22)
[Sun Aug 02 13:46:42.186327 2026] [core:error] [pid 7652:tid 924] [client 216.73.216.23:27138] AH10244: invalid URI path (/mampress/wp-content/plugins/nextgen-gallery/lang/%s)
[Sun Aug 02 13:55:08.217454 2026] [core:error] [pid 7652:tid 960] [client 216.73.216.23:53912] AH10244: invalid URI path (/mamBLOG/htmlarea/examples/%3C%%20$_%20%%3E)
[Sun Aug 02 13:59:02.826669 2026] [core:error] [pid 7652:tid 948] [client 216.73.216.23:1653] AH10244: invalid URI path (/gridtip/gridtip_2019/newsletter/templates/%!unsubscription_link!%)
[Sun Aug 02 14:01:32.154818 2026] [core:error] [pid 7652:tid 916] [client 74.7.227.154:37572] AH10244: invalid URI path (/gridtip/gridtip_2010/newsletter/templates/%!unsubscription_link!%), referer: https://dirlisting.mamweb.at/gridtip/gridtip_2010/newsletter/templates/mail.default.english.tmpl
[Sun Aug 02 14:01:32.936061 2026] [core:error] [pid 7652:tid 916] [client 74.7.227.154:44232] AH10244: invalid URI path (/gridtip/gridtip_2011/newsletter/templates/%!unsubscription_link!%), referer: https://dirlisting.mamweb.at/gridtip/gridtip_2011/newsletter/templates/mail.default.english.tmpl
[Sun Aug 02 14:01:33.545436 2026] [core:error] [pid 7652:tid 916] [client 74.7.227.154:44248] AH10244: invalid URI path (/gridtip/gridtip_2012/newsletter/templates/%!unsubscription_link!%), referer: https://dirlisting.mamweb.at/gridtip/gridtip_2012/newsletter/templates/mail.default.german.tmpl
[Sun Aug 02 14:01:33.982939 2026] [core:error] [pid 7652:tid 1000] [client 74.7.227.154:44252] AH10244: invalid URI path (/gridtip/gridtip_2009/newsletter/templates/%!unsubscription_link!%), referer: https://dirlisting.mamweb.at/gridtip/gridtip_2009/newsletter/templates/mail.default.polish.tmpl
[Sun Aug 02 14:01:34.561067 2026] [core:error] [pid 7652:tid 932] [client 74.7.227.154:44268] AH10244: invalid URI path (/gridtip/gridtip_2007/newsletter/templates/%!unsubscription_link!%), referer: https://dirlisting.mamweb.at/gridtip/gridtip_2007/newsletter/templates/mail.default.english.tmpl
[Sun Aug 02 14:01:59.607946 2026] [core:error] [pid 7652:tid 964] [client 216.73.216.23:38435] AH10244: invalid URI path (/nucleus/skins/default/%3C%adminurl%%3E)
[Sun Aug 02 14:14:24.998372 2026] [core:error] [pid 7652:tid 836] [client 117.164.191.217:38360] AH10244: invalid URI path (/cgi-bin/.%2e/.%2e/.%2e/.%2e/.%2e/.%2e/.%2e/.%2e/.%2e/.%2e/bin/sh)
[Sun Aug 02 14:14:51.654613 2026] [core:error] [pid 7652:tid 984] [client 74.7.227.154:45158] AH10244: invalid URI path (/gridtip/gridtip_2008/newsletter/templates/%!unsubscription_link!%), referer: https://dirlisting.mamweb.at/gridtip/gridtip_2008/newsletter/templates/mail.default.german.tmpl
[Sun Aug 02 14:19:05.795088 2026] [core:error] [pid 7652:tid 856] [client 216.73.216.23:49654] AH10244: invalid URI path (/nucleus/skins/grey/%3C%blogurl%%3Eatom.php)
[Sun Aug 02 14:22:20.045082 2026] [core:error] [pid 7652:tid 924] [client 74.7.243.246:40162] AH10244: invalid URI path (/heimam/webadmin/%EF%BF%BD%014RkJ%EF%BF%BDU%11%), referer: https://webfilebrowser.mamweb.at/heimam/webadmin/webadmin.php?action=view&file=C%3A%5CUsers%5CAdministrator%5CAppData%5CLocal%5CMicrosoft%5CEdge%5CUser+Data%5CDefault%5CCode+Cache%5Cjs%5Cb34bf12220fa0bde_0
[Sun Aug 02 14:22:33.732582 2026] [core:error] [pid 7652:tid 916] [client 74.7.227.158:35544] AH10244: invalid URI path (/heimam/webadmin/%EF%BF%BD%014RkJ%EF%BF%BDU%11%), referer: https://dlf.mamweb.at/heimam/webadmin/webadmin.php?action=view&file=C%3A%5CUsers%5CAdministrator%5CAppData%5CLocal%5CMicrosoft%5CEdge%5CUser+Data%5CDefault%5CCode+Cache%5Cjs%5Cb34bf12220fa0bde_0
[Sun Aug 02 14:22:41.982592 2026] [core:error] [pid 7652:tid 924] [client 74.7.243.246:38524] AH10244: invalid URI path (/heimam/webadmin/4Rk%EF%BF%BD1,)%), referer: https://webfilebrowser.mamweb.at/heimam/webadmin/webadmin.php?action=view&file=C%3A%5CUsers%5CAdministrator%5CAppData%5CLocal%5CMicrosoft%5CEdge%5CUser+Data%5CDefault%5CCode+Cache%5Cjs%5Cb34bf12220fa0bde_0
[Sun Aug 02 14:22:54.341956 2026] [core:error] [pid 7652:tid 916] [client 74.7.227.158:60618] AH10244: invalid URI path (/heimam/webadmin/4Rk%EF%BF%BD1,)%), referer: https://dlf.mamweb.at/heimam/webadmin/webadmin.php?action=view&file=C%3A%5CUsers%5CAdministrator%5CAppData%5CLocal%5CMicrosoft%5CEdge%5CUser+Data%5CDefault%5CCode+Cache%5Cjs%5Cb34bf12220fa0bde_0
[Sun Aug 02 14:25:02.623159 2026] [core:error] [pid 7652:tid 1016] [client 74.7.243.246:51372] AH10244: invalid URI path (/heimam/webadmin/%3C%blogsetting(url)%%3E), referer: https://webfilebrowser.mamweb.at/heimam/webadmin/webadmin.php?action=view&file=C%3A%5CProgram+Files%5CMariaDB+11.4%5Cdata%5Cnucleus_mam%5Cmam_nucleus_skin.MYD
[Sun Aug 02 14:25:03.373142 2026] [core:error] [pid 7652:tid 1016] [client 74.7.243.246:59444] AH10244: invalid URI path (/heimam/webadmin/%3C%member(url)%%3E), referer: https://webfilebrowser.mamweb.at/heimam/webadmin/webadmin.php?action=view&file=C%3A%5CProgram+Files%5CMariaDB+11.4%5Cdata%5Cnucleus_mam%5Cmam_nucleus_skin.MYD
[Sun Aug 02 14:26:22.670036 2026] [core:error] [pid 7652:tid 916] [client 74.7.227.158:51166] AH10244: invalid URI path (/heimam/webadmin/%3C%blogsetting(url)%%3E), referer: https://dlf.mamweb.at/heimam/webadmin/webadmin.php?action=view&file=C%3A%5CProgram+Files%5CMariaDB+11.4%5Cdata%5Cnucleus_mam%5Cmam_nucleus_skin.MYD
[Sun Aug 02 14:26:23.451285 2026] [core:error] [pid 7652:tid 916] [client 74.7.227.158:56388] AH10244: invalid URI path (/heimam/webadmin/%3C%member(url)%%3E), referer: https://dlf.mamweb.at/heimam/webadmin/webadmin.php?action=view&file=C%3A%5CProgram+Files%5CMariaDB+11.4%5Cdata%5Cnucleus_mam%5Cmam_nucleus_skin.MYD
[Sun Aug 02 14:30:23.810445 2026] [core:error] [pid 7652:tid 992] [client 216.73.216.23:64782] AH10244: invalid URI path (/heimam/webadmin/%s%s/)
[Sun Aug 02 14:30:24.107316 2026] [core:error] [pid 7652:tid 948] [client 216.73.216.23:13731] AH10244: invalid URI path (/heimam/webadmin/%s)
[Sun Aug 02 14:33:39.247947 2026] [core:error] [pid 7652:tid 880] [client 195.93.244.97:36422] AH10244: invalid URI path (/cgi-bin/.%2e/.%2e/.%2e/.%2e/.%2e/.%2e/.%2e/.%2e/.%2e/.%2e/bin/sh)
[Sun Aug 02 14:35:46.232301 2026] [core:error] [pid 7652:tid 992] [client 74.7.227.154:55800] AH10244: invalid URI path (/gridtip/gridtip_2021/newsletter/templates/%!unsubscription_link!%), referer: https://dirlisting.mamweb.at/gridtip/gridtip_2021/newsletter/templates/mail.default.french.tmpl
[Sun Aug 02 15:02:17.060005 2026] [core:error] [pid 7652:tid 984] [client 216.73.216.23:27794] AH10244: invalid URI path (/heimam/webadmin/%3C%editlink%%3E)
[Sun Aug 02 15:02:32.997495 2026] [core:error] [pid 7652:tid 796] [client 216.73.216.23:54485] AH10244: invalid URI path (/heimam/webadmin/%s%s/)
[Sun Aug 02 15:04:11.497443 2026] [core:error] [pid 7652:tid 936] [client 216.73.216.23:18587] AH10244: invalid URI path (/heimam/webadmin/%3C%blogsetting(url)%%3E)
[Sun Aug 02 15:27:29.637588 2026] [core:error] [pid 7652:tid 752] [client 216.73.216.23:61719] AH10244: invalid URI path (/heimam/webadmin/%3C%skinfile(default_right.css)%%3E)
[Sun Aug 02 15:28:18.887532 2026] [core:error] [pid 7652:tid 960] [client 216.73.216.23:34057] AH10244: invalid URI path (/heimam/webadmin/%3C%skinfile(nicetitle.css)%%3E)
[Sun Aug 02 15:29:47.309418 2026] [core:error] [pid 7652:tid 980] [client 216.73.216.23:20222] AH10244: invalid URI path (/heimam/webadmin/%3C%skinfile(nicetitle.js)%%3E)
[Sun Aug 02 15:39:59.356036 2026] [core:error] [pid 7652:tid 764] [client 216.73.216.23:37252] AH10244: invalid URI path (/heimam/webadmin/%3C%adminurl%%3E)
[Sun Aug 02 15:41:03.309159 2026] [core:error] [pid 7652:tid 1032] [client 216.73.216.23:15441] AH10244: invalid URI path (/heimam/webadmin/%3C%blogurl%%3Eatom.php)
[Sun Aug 02 15:41:14.918526 2026] [core:error] [pid 7652:tid 980] [client 216.73.216.23:12614] AH10244: invalid URI path (/heimam/webadmin/%3C%blogurl%%3Exml-rss2.php)
[Sun Aug 02 15:41:46.543516 2026] [core:error] [pid 7652:tid 744] [client 216.73.216.23:62638] AH10244: invalid URI path (/heimam/webadmin/%3C%skinfile(default.css)%%3E)
[Sun Aug 02 15:42:52.121640 2026] [core:error] [pid 7652:tid 744] [client 216.73.216.23:44219] AH10244: invalid URI path (/heimam/webadmin/%3C%skinfile(atom.gif)%%3E)
[Sun Aug 02 15:42:52.215390 2026] [core:error] [pid 7652:tid 1032] [client 216.73.216.23:61005] AH10244: invalid URI path (/heimam/webadmin/%3C%blogurl%%3Ersd.php)
[Sun Aug 02 15:42:52.293514 2026] [core:error] [pid 7652:tid 912] [client 216.73.216.23:29043] AH10244: invalid URI path (/heimam/webadmin/%3C%todaylink%%3E)
[Sun Aug 02 15:42:52.340391 2026] [core:error] [pid 7652:tid 1008] [client 216.73.216.23:46568] AH10244: invalid URI path (/heimam/webadmin/%3C%archivelink%%3E)
[Sun Aug 02 15:47:29.308985 2026] [core:error] [pid 7652:tid 980] [client 216.73.216.23:32982] AH10244: invalid URI path (/mampress/wp-content/plugins/nextgen-gallery/lang/%s)
[Sun Aug 02 15:49:09.465176 2026] [core:error] [pid 7652:tid 932] [client 216.73.216.23:41458] AH10244: invalid URI path (/heimam/webadmin/%3C%sitevar(url)%%3E)
[Sun Aug 02 15:49:12.215177 2026] [core:error] [pid 7652:tid 932] [client 216.73.216.23:60644] AH10244: invalid URI path (/mampress/wp-content/plugins/nextgen-gallery/lang//%22%s/%22)
[Sun Aug 02 15:52:31.559012 2026] [core:error] [pid 7652:tid 992] [client 216.73.216.23:56965] AH10244: invalid URI path (/heimam/webadmin/%3C%blogsetting(url)%%3E)
[Sun Aug 02 15:52:34.309024 2026] [core:error] [pid 7652:tid 980] [client 216.73.216.23:49246] AH10244: invalid URI path (/heimam/webadmin/%3C%editlink%%3E)
[Sun Aug 02 15:52:39.293397 2026] [core:error] [pid 7652:tid 752] [client 216.73.216.23:38292] AH10244: invalid URI path (/heimam/webadmin/%c%s)
[Sun Aug 02 15:54:01.262144 2026] [core:error] [pid 7652:tid 1000] [client 74.7.243.246:53112] AH10244: invalid URI path (/heimam/webadmin/..%3E%3C/a%3E%00%00%00%00%00%00%02d-%s-%d%20%02d:%02d%20%00%00%00%00%00%00%00%20%20%20%20%20%20%20%20%20%20%20%20%20%20%20%20%20%20-%00%00%00%00%00%19O%00%00%00%00%20%20%20%20%20%20-%00%00%00%00%00%6i%c%00%00%00%20%6i%00%00%00%00%3C/pre%3E%3Chr%3E%00%00%00%00%00%00/*%20callback%20*/%00%00%00%00%7B), referer: https://webfilebrowser.mamweb.at/heimam/webadmin/webadmin.php?action=view&file=C%3A%5C%24Recycle.Bin%5CS-1-5-21-3967099092-2644009230-141905953-500%5C%24RSXKRMY%5Cnginx.exe
[Sun Aug 02 15:55:42.090284 2026] [core:error] [pid 7652:tid 752] [client 216.73.216.23:38367] AH10244: invalid URI path (/gridtip/gridtip_2017/newsletter/templates/%!unsubscription_link!%)
[Sun Aug 02 15:56:07.887162 2026] [core:error] [pid 7652:tid 1000] [client 216.73.216.23:8158] AH10244: invalid URI path (/gridtip/gridtip_2014/newsletter/templates/%!unsubscription_link!%)
[Sun Aug 02 15:57:02.824660 2026] [core:error] [pid 7652:tid 724] [client 74.7.243.246:43290] AH10244: invalid URI path (/heimam/webadmin/%3C%editlink%%3E), referer: https://webfilebrowser.mamweb.at/heimam/webadmin/webadmin.php?action=view&file=C%3A%5C%24Recycle.Bin%5CS-1-5-21-3967099092-2644009230-141905953-500%5C%24R83TZYV%5C_install.sql
[Sun Aug 02 15:57:05.512144 2026] [core:error] [pid 7652:tid 724] [client 74.7.243.246:55124] AH10244: invalid URI path (/heimam/webadmin/%3C%blogurl%%3Eindex.php?itemid=%3C%itemid%%3E), referer: https://webfilebrowser.mamweb.at/heimam/webadmin/webadmin.php?action=view&file=C%3A%5C%24Recycle.Bin%5CS-1-5-21-3967099092-2644009230-141905953-500%5C%24R83TZYV%5C_install.sql
[Sun Aug 02 15:57:31.965197 2026] [core:error] [pid 7652:tid 992] [client 216.73.216.23:48570] AH10244: invalid URI path (/gridtip/gridtip_2013/newsletter/templates/%!unsubscription_link!%)
[Sun Aug 02 15:58:11.027633 2026] [core:error] [pid 7652:tid 904] [client 216.73.216.23:46191] AH10244: invalid URI path (/gridtip/gridtip_2009/newsletter/templates/%!unsubscription_link!%)
[Sun Aug 02 16:01:34.746396 2026] [core:error] [pid 7652:tid 876] [client 216.73.216.23:17415] AH10244: invalid URI path (/gridtip/gridtip_1stgen/newsletter/templates/%!unsubscription_link!%)
[Sun Aug 02 16:03:14.715151 2026] [core:error] [pid 7652:tid 1000] [client 216.73.216.23:5539] AH10244: invalid URI path (/heimam/webadmin/%3C%blogurl%%3Eindex.php?itemid=%3C%25itemid%25%3E)
[Sun Aug 02 16:29:48.042729 2026] [core:error] [pid 7652:tid 744] [client 74.7.227.158:35362] AH10244: invalid URI path (/heimam/webadmin/%3C%editlink%%3E), referer: https://dlf.mamweb.at/heimam/webadmin/webadmin.php?action=view&file=C%3A%5C%24Recycle.Bin%5CS-1-5-21-3967099092-2644009230-141905953-500%5C%24R83TZYV%5C_install.sql
[Sun Aug 02 16:29:48.839603 2026] [core:error] [pid 7652:tid 984] [client 74.7.227.158:36096] AH10244: invalid URI path (/heimam/webadmin/%3C%blogurl%%3Eindex.php?itemid=%3C%itemid%%3E), referer: https://dlf.mamweb.at/heimam/webadmin/webadmin.php?action=view&file=C%3A%5C%24Recycle.Bin%5CS-1-5-21-3967099092-2644009230-141905953-500%5C%24R83TZYV%5C_install.sql
[Sun Aug 02 16:29:57.308349 2026] [core:error] [pid 7652:tid 984] [client 74.7.227.158:36100] AH10244: invalid URI path (/heimam/webadmin/..%3E%3C/a%3E%00%00%00%00%00%00%02d-%s-%d%20%02d:%02d%20%00%00%00%00%00%00%00%20%20%20%20%20%20%20%20%20%20%20%20%20%20%20%20%20%20-%00%00%00%00%00%19O%00%00%00%00%20%20%20%20%20%20-%00%00%00%00%00%6i%c%00%00%00%20%6i%00%00%00%00%3C/pre%3E%3Chr%3E%00%00%00%00%00%00/*%20callback%20*/%00%00%00%00%7B), referer: https://dlf.mamweb.at/heimam/webadmin/webadmin.php?action=view&file=C%3A%5C%24Recycle.Bin%5CS-1-5-21-3967099092-2644009230-141905953-500%5C%24RSXKRMY%5Cnginx.exe
[Sun Aug 02 16:46:30.620512 2026] [core:error] [pid 7652:tid 1016] [client 216.73.216.23:55346] AH10244: invalid URI path (/gridtip/gridtip_2022/newsletter/templates/%!unsubscription_link!%)
[Sun Aug 02 17:30:29.604118 2026] [core:error] [pid 7652:tid 736] [client 216.73.216.23:21553] AH10244: invalid URI path (/heimam/webadmin/%3C%blogurl%%3Exml-rss2.php)
[Sun Aug 02 17:30:30.979120 2026] [core:error] [pid 7652:tid 912] [client 216.73.216.23:45286] AH10244: invalid URI path (/heimam/webadmin/%3C%blogurl%%3Eatom.php)
[Sun Aug 02 17:30:46.276000 2026] [core:error] [pid 7652:tid 844] [client 216.73.216.23:15710] AH10244: invalid URI path (/heimam/webadmin/%3C%blogurl%%3Ersd.php)
[Sun Aug 02 17:30:46.729147 2026] [core:error] [pid 7652:tid 796] [client 216.73.216.23:43767] AH10244: invalid URI path (/heimam/webadmin/%3C%todaylink%%3E)
[Sun Aug 02 17:30:47.369761 2026] [core:error] [pid 7652:tid 948] [client 216.73.216.23:1996] AH10244: invalid URI path (/heimam/webadmin/%3C%archivelink%%3E)
[Sun Aug 02 17:30:47.572889 2026] [core:error] [pid 7652:tid 844] [client 216.73.216.23:54262] AH10244: invalid URI path (/heimam/webadmin/%3C%skinfile(default.css)%%3E)
[Sun Aug 02 17:31:05.901004 2026] [core:error] [pid 7652:tid 844] [client 216.73.216.23:53068] AH10244: invalid URI path (/heimam/webadmin/%3C%sitevar(url)%%3E)
[Sun Aug 02 17:36:19.447673 2026] [core:error] [pid 7652:tid 736] [client 216.73.216.23:51264] AH10244: invalid URI path (/heimam/webadmin/%3C%skinfile(atom.gif)%%3E)
[Sun Aug 02 17:36:19.541411 2026] [core:error] [pid 7652:tid 988] [client 216.73.216.23:6319] AH10244: invalid URI path (/heimam/webadmin/%3C%skinfile(nicetitle.js)%%3E)
[Sun Aug 02 17:36:19.635150 2026] [core:error] [pid 7652:tid 916] [client 216.73.216.23:57527] AH10244: invalid URI path (/heimam/webadmin/%3C%skinfile(nicetitle.css)%%3E)
[Sun Aug 02 17:36:19.697674 2026] [core:error] [pid 7652:tid 960] [client 216.73.216.23:19831] AH10244: invalid URI path (/heimam/webadmin/%3C%skinfile(default_right.css)%%3E)
[Sun Aug 02 17:36:19.853906 2026] [core:error] [pid 7652:tid 884] [client 216.73.216.23:36973] AH10244: invalid URI path (/heimam/webadmin/%3C%adminurl%%3E)
[Sun Aug 02 18:27:14.462273 2026] [core:error] [pid 7652:tid 1016] [client 34.140.143.231:25656] AH10244: invalid URI path (/@fs/../../.env)
[Sun Aug 02 18:27:39.196659 2026] [core:error] [pid 7652:tid 936] [client 34.140.143.231:25292] AH10244: invalid URI path (/cgi-bin/.%2e/.%2e/.%2e/.%2e/bin/sh)
[Sun Aug 02 18:35:56.665333 2026] [core:error] [pid 7652:tid 916] [client 74.7.243.246:58558] AH10244: invalid URI path (/heimam/webadmin/%!unsubscription_link!%), referer: https://webfilebrowser.mamweb.at/heimam/webadmin/webadmin.php?action=view&file=C%3A%5C%24Recycle.Bin%5CS-1-5-21-3967099092-2644009230-141905953-500%5C%24RJBVK3W%5Cgridtip_2018%5Cnewsletter%5Ctemplates%5Cmail.default.italian.tmpl
[Sun Aug 02 18:40:49.352736 2026] [core:error] [pid 7652:tid 824] [client 74.7.227.158:45352] AH10244: invalid URI path (/heimam/webadmin/%!unsubscription_link!%), referer: https://dlf.mamweb.at/heimam/webadmin/webadmin.php?action=view&file=C%3A%5C%24Recycle.Bin%5CS-1-5-21-3967099092-2644009230-141905953-500%5C%24RJBVK3W%5Cgridtip_2015%5Cnewsletter%5Ctemplates%5Cmail.default.french.tmpl
[Sun Aug 02 18:41:51.540244 2026] [proxy_http:error] [pid 7652:tid 1016] (OS 10060)A connection attempt failed because the connected party did not properly respond after a period of time, or established connection failed because connected host has failed to respond. : [client 216.73.216.23:63526] AH01102: error reading status line from remote server 127.0.0.1:18080
[Sun Aug 02 18:41:51.540244 2026] [proxy:error] [pid 7652:tid 1016] [client 216.73.216.23:63526] AH00898: Error reading from remote server returned by /heimam/webadmin/webadmin.php
[Sun Aug 02 18:58:23.899294 2026] [proxy:warn] [pid 7652:tid 784] [client 66.228.34.203:13824] AH01092: no HTTP 0.9 request (with no host line) on incoming request and preserve host set forcing hostname to be mamweb.at for uri /
[Sun Aug 02 18:58:25.758644 2026] [proxy:warn] [pid 7652:tid 864] [client 66.228.34.203:12434] AH01092: no HTTP 0.9 request (with no host line) on incoming request and preserve host set forcing hostname to be mamweb.at for uri /
[Sun Aug 02 19:31:46.086219 2026] [core:error] [pid 7652:tid 960] [client 216.73.216.23:38628] AH10244: invalid URI path (/heimam/webadmin/%s%s%s)
[Sun Aug 02 19:48:43.195190 2026] [core:error] [pid 7652:tid 872] [client 74.7.243.246:51704] AH10244: invalid URI path (/heimam/webadmin/%OEMMediumLogoUrl%), referer: https://webfilebrowser.mamweb.at/heimam/webadmin/webadmin.php?action=view&file=C%3A%5CWindows%5CSystem32%5Capds.dll
[Sun Aug 02 19:48:43.945169 2026] [core:error] [pid 7652:tid 720] [client 74.7.243.246:38300] AH10244: invalid URI path (/heimam/webadmin/%OEMMediumLogo%), referer: https://webfilebrowser.mamweb.at/heimam/webadmin/webadmin.php?action=view&file=C%3A%5CWindows%5CSystem32%5Capds.dll
[Sun Aug 02 19:49:03.226427 2026] [core:error] [pid 7652:tid 1040] [client 74.7.227.158:35818] AH10244: invalid URI path (/heimam/webadmin/%OEMMediumLogoUrl%), referer: https://dlf.mamweb.at/heimam/webadmin/webadmin.php?action=view&file=C%3A%5CWindows%5CSystem32%5Capds.dll
[Sun Aug 02 19:49:04.101447 2026] [core:error] [pid 7652:tid 1040] [client 74.7.227.158:56016] AH10244: invalid URI path (/heimam/webadmin/%OEMMediumLogo%), referer: https://dlf.mamweb.at/heimam/webadmin/webadmin.php?action=view&file=C%3A%5CWindows%5CSystem32%5Capds.dll
[Sun Aug 02 19:51:38.960798 2026] [core:error] [pid 7652:tid 1040] [client 216.73.216.23:63104] AH10244: invalid URI path (/heimam/webadmin/%s%s%s)
[Sun Aug 02 19:52:04.585825 2026] [core:error] [pid 7652:tid 684] [client 74.7.243.246:47924] AH10244: invalid URI path (/heimam/webadmin/%3C%=%20strURL%20%%3E), referer: https://webfilebrowser.mamweb.at/heimam/webadmin/webadmin.php?action=view&file=C%3A%5Cinetpub%5Ccusterr%5Cfr-FR%5C500-100.asp
[Sun Aug 02 20:01:49.882549 2026] [core:error] [pid 7652:tid 904] [client 216.73.216.23:56293] AH10244: invalid URI path (/heimam/webadmin/%OEMMediumLogoUrl%)
[Sun Aug 02 20:01:50.788789 2026] [core:error] [pid 7652:tid 1040] [client 216.73.216.23:57401] AH10244: invalid URI path (/heimam/webadmin/%OEMMediumLogo%)
[Sun Aug 02 20:06:21.991896 2026] [core:error] [pid 7652:tid 684] [client 74.7.243.246:55476] AH10244: invalid URI path (/%22%3C/r/n/r/n%blogurl%), referer: https://webfilebrowser.mamweb.at/heimam/webadmin/webadmin.php?action=view&file=C%3A%5CSYSDOC%5Call_mysqldatabases.sql
[Sun Aug 02 20:06:48.554380 2026] [core:error] [pid 7652:tid 824] [client 74.7.227.158:36746] AH10244: invalid URI path (/%22%3C/r/n/r/n%blogurl%), referer: https://dlf.mamweb.at/heimam/webadmin/webadmin.php?action=view&file=C%3A%5CSYSDOC%5Call_mysqldatabases.sql
[Sun Aug 02 20:17:28.569641 2026] [core:error] [pid 7652:tid 808] [client 216.73.216.23:62481] AH10244: invalid URI path (/heimam/webadmin//%22%3C%member(url)%)
[Sun Aug 02 20:17:30.507132 2026] [core:error] [pid 7652:tid 824] [client 216.73.216.23:18871] AH10244: invalid URI path (/heimam/webadmin//%22%3C%blogurl%)
[Sun Aug 02 20:18:02.632120 2026] [core:error] [pid 7652:tid 920] [client 74.7.243.246:38208] AH10244: invalid URI path (/heimam/webadmin/%s%s), referer: https://webfilebrowser.mamweb.at/heimam/webadmin/webadmin.php?action=view&file=C%3A%5CApache24%5Cmodules%5Cmod_md.so
[Sun Aug 02 20:18:19.257139 2026] [core:error] [pid 7652:tid 824] [client 216.73.216.23:43109] AH10244: invalid URI path (/heimam/webadmin//%22%3C/r/n/r/n%blogsetting(url)%)
[Sun Aug 02 20:27:19.397659 2026] [core:error] [pid 7652:tid 1028] [client 74.7.227.158:49844] AH10244: invalid URI path (/heimam/webadmin/%s%s), referer: https://dlf.mamweb.at/heimam/webadmin/webadmin.php?action=view&file=C%3A%5CApache24%5Cmodules%5Cmod_md.so
[Sun Aug 02 20:51:16.178550 2026] [core:error] [pid 7652:tid 824] [client 216.73.216.23:4777] AH10244: invalid URI path (/heimam/webadmin/%00%00%00%00%00%00%00AH01226:%20don't%20know%20how%20to%20spawn%20cmd%20child%20process:%20%s%00%00AH01227:%20couldn't%20spawn%20child%20process:%20%s%00%00%00%00%00%00%00AH03195:%20missing%20argument%20for%20exec%20element%20in%20%s%00%00%00%00%00%00%00%00AH01228:%20exec%20used%20but%20not%20allowed%20in%20%s%00%00%00%00cmd%00%00%00%00%00%00%00%00%00AH01229:%20execution%20failure%20for%20parameter)
[Sun Aug 02 21:02:57.615844 2026] [core:error] [pid 7652:tid 960] [client 74.7.243.246:48968] AH10244: invalid URI path (/heimam/webadmin/%3C%formdata(imgurl)%%3E), referer: https://webfilebrowser.mamweb.at/heimam/webadmin/webadmin.php?action=view&file=C%3A%5C%24Recycle.Bin%5CS-1-5-21-3967099092-2644009230-141905953-500%5C%24R83TZYV%5Cnucleus%5Cforms%5Cnucleusbutton.template
[Sun Aug 02 21:08:31.693803 2026] [core:error] [pid 7652:tid 956] [client 74.7.243.246:57386] AH10244: invalid URI path (/heimam/webadmin/%3C/pre%3E%20%20%3Chr%20/%3E%20%20%s%20%3C/body%3E%3C/html%3E%00%00%00PASS%20%00%00%00****%00%00%00%00%3E%s%00%3Cunable%20to%20read%20result%3E%00%3C%3.3u%20%s%00%00%00TYPE%20%00%00%00%00%00%00%00Error%20reading%20from%20remote%20server%00%00%00%00%00%00%00%00Unable%20to%20set%20transfer%20type%00PWD%00%00%00%00%00%00%00Failed%20to%20read%20PWD%20on%20ftp%20server%00%00%00%00%00%00%00%00AH01035:%20missing%20or%20failed%20auth%20to%20%s), referer: https://webfilebrowser.mamweb.at/heimam/webadmin/webadmin.php?action=view&file=C%3A%5CDOWNLOAD%5CApache%5Chttpd-2.4.58-win64-VS17%5CApache24%5Cmodules%5Cmod_proxy_ftp.so
[Sun Aug 02 21:08:32.443805 2026] [core:error] [pid 7652:tid 956] [client 74.7.243.246:49958] AH10244: invalid URI path (/heimam/webadmin/%s/), referer: https://webfilebrowser.mamweb.at/heimam/webadmin/webadmin.php?action=view&file=C%3A%5CDOWNLOAD%5CApache%5Chttpd-2.4.58-win64-VS17%5CApache24%5Cmodules%5Cmod_proxy_ftp.so
[Sun Aug 02 21:08:32.990680 2026] [core:error] [pid 7652:tid 956] [client 74.7.243.246:49972] AH10244: invalid URI path (/heimam/webadmin/%s%s/), referer: https://webfilebrowser.mamweb.at/heimam/webadmin/webadmin.php?action=view&file=C%3A%5CDOWNLOAD%5CApache%5Chttpd-2.4.58-win64-VS17%5CApache24%5Cmodules%5Cmod_proxy_ftp.so
[Sun Aug 02 21:08:57.521929 2026] [core:error] [pid 7652:tid 956] [client 74.7.243.246:49988] AH10244: invalid URI path (/heimam/webadmin/%s?%s), referer: https://webfilebrowser.mamweb.at/heimam/webadmin/webadmin.php?action=view&file=C%3A%5CDOWNLOAD%5CApache%5Chttpd-2.4.58-win64-VS17%5CApache24%5Cmodules%5Cmod_ldap.so
[Sun Aug 02 21:09:01.209439 2026] [core:error] [pid 7652:tid 956] [client 74.7.243.246:55544] AH10244: invalid URI path (/heimam/webadmin/%c%s), referer: https://webfilebrowser.mamweb.at/heimam/webadmin/webadmin.php?action=view&file=C%3A%5CDOWNLOAD%5CApache%5Chttpd-2.4.58-win64-VS17%5CApache24%5Cmodules%5Cmod_info.so
[Sun Aug 02 21:12:41.193802 2026] [core:error] [pid 7652:tid 872] [client 74.7.227.158:58482] AH10244: invalid URI path (/heimam/webadmin/%3C%formdata(imgurl)%%3E), referer: https://dlf.mamweb.at/heimam/webadmin/webadmin.php?action=view&file=C%3A%5C%24Recycle.Bin%5CS-1-5-21-3967099092-2644009230-141905953-500%5C%24R83TZYV%5Cnucleus%5Cforms%5Cnucleusbutton.template
[Sun Aug 02 21:13:49.412531 2026] [core:error] [pid 7652:tid 888] [client 216.73.216.23:29667] AH10244: invalid URI path (/heimam/webadmin//%22%3C%catlink%)
[Sun Aug 02 21:13:53.475053 2026] [core:error] [pid 7652:tid 972] [client 216.73.216.23:51538] AH10244: invalid URI path (/heimam/webadmin//%22%3C%categorylink%)
[Sun Aug 02 21:13:53.600056 2026] [core:error] [pid 7652:tid 808] [client 216.73.216.23:39219] AH10244: invalid URI path (/heimam/webadmin//%22%3C%authorlink%)
[Sun Aug 02 21:13:54.740682 2026] [core:error] [pid 7652:tid 1012] [client 216.73.216.23:55540] AH10244: invalid URI path (/heimam/webadmin//%22%3C%userlinkraw%)
[Sun Aug 02 21:14:13.381270 2026] [core:error] [pid 7652:tid 868] [client 216.73.216.23:2205] AH10244: invalid URI path (/heimam/webadmin//%22%3C%blogurl%)
[Sun Aug 02 21:18:12.365522 2026] [core:error] [pid 7652:tid 872] [client 74.7.227.158:36476] AH10244: invalid URI path (/heimam/webadmin/%3C/pre%3E%20%20%3Chr%20/%3E%20%20%s%20%3C/body%3E%3C/html%3E%00%00%00PASS%20%00%00%00****%00%00%00%00%3E%s%00%3Cunable%20to%20read%20result%3E%00%3C%3.3u%20%s%00%00%00TYPE%20%00%00%00%00%00%00%00Error%20reading%20from%20remote%20server%00%00%00%00%00%00%00%00Unable%20to%20set%20transfer%20type%00PWD%00%00%00%00%00%00%00Failed%20to%20read%20PWD%20on%20ftp%20server%00%00%00%00%00%00%00%00AH01035:%20missing%20or%20failed%20auth%20to%20%s), referer: https://dlf.mamweb.at/heimam/webadmin/webadmin.php?action=view&file=C%3A%5CDOWNLOAD%5CApache%5Chttpd-2.4.58-win64-VS17%5CApache24%5Cmodules%5Cmod_proxy_ftp.so
[Sun Aug 02 21:18:13.146752 2026] [core:error] [pid 7652:tid 872] [client 74.7.227.158:46312] AH10244: invalid URI path (/heimam/webadmin/%s/), referer: https://dlf.mamweb.at/heimam/webadmin/webadmin.php?action=view&file=C%3A%5CDOWNLOAD%5CApache%5Chttpd-2.4.58-win64-VS17%5CApache24%5Cmodules%5Cmod_proxy_ftp.so
[Sun Aug 02 21:18:13.678026 2026] [core:error] [pid 7652:tid 872] [client 74.7.227.158:46316] AH10244: invalid URI path (/heimam/webadmin/%s%s/), referer: https://dlf.mamweb.at/heimam/webadmin/webadmin.php?action=view&file=C%3A%5CDOWNLOAD%5CApache%5Chttpd-2.4.58-win64-VS17%5CApache24%5Cmodules%5Cmod_proxy_ftp.so
[Sun Aug 02 21:18:29.240514 2026] [core:error] [pid 7652:tid 872] [client 74.7.227.158:46332] AH10244: invalid URI path (/heimam/webadmin/%c%s), referer: https://dlf.mamweb.at/heimam/webadmin/webadmin.php?action=view&file=C%3A%5CDOWNLOAD%5CApache%5Chttpd-2.4.58-win64-VS17%5CApache24%5Cmodules%5Cmod_info.so
[Sun Aug 02 21:18:55.553022 2026] [core:error] [pid 7652:tid 872] [client 74.7.227.158:58548] AH10244: invalid URI path (/heimam/webadmin/%s?%s), referer: https://dlf.mamweb.at/heimam/webadmin/webadmin.php?action=view&file=C%3A%5CDOWNLOAD%5CApache%5Chttpd-2.4.58-win64-VS17%5CApache24%5Cmodules%5Cmod_ldap.so
[Sun Aug 02 21:37:54.036952 2026] [core:error] [pid 7652:tid 992] [client 216.73.216.23:1564] AH10244: invalid URI path (/heimam/webadmin/%OEMMediumLogoUrl%)
[Sun Aug 02 21:38:17.115038 2026] [core:error] [pid 7652:tid 808] [client 216.73.216.23:54361] AH10244: invalid URI path (/heimam/webadmin//%22%3C%itemlink%)
[Sun Aug 02 21:38:17.208786 2026] [core:error] [pid 7652:tid 1008] [client 216.73.216.23:8945] AH10244: invalid URI path (/heimam/webadmin//%22%3C%archivelink%)
[Sun Aug 02 21:42:23.661919 2026] [core:error] [pid 7652:tid 1008] [client 74.7.243.246:35226] AH10244: invalid URI path (/heimam/webadmin/%3C%blogurl%%3E), referer: https://webfilebrowser.mamweb.at/heimam/webadmin/webadmin.php?action=view&file=C%3A%5CProgram+Files%5CMariaDB+11.4%5Cdata%5Cnucleus_mam%5Cmam_nucleus_template.MYD
[Sun Aug 02 21:42:24.411917 2026] [core:error] [pid 7652:tid 944] [client 74.7.243.246:34414] AH10244: invalid URI path (/heimam/webadmin/%3C%userlinkraw%%3E), referer: https://webfilebrowser.mamweb.at/heimam/webadmin/webadmin.php?action=view&file=C%3A%5CProgram+Files%5CMariaDB+11.4%5Cdata%5Cnucleus_mam%5Cmam_nucleus_template.MYD
[Sun Aug 02 21:42:24.958807 2026] [core:error] [pid 7652:tid 972] [client 74.7.243.246:34416] AH10244: invalid URI path (/heimam/webadmin/%3C%archivelink%%3E), referer: https://webfilebrowser.mamweb.at/heimam/webadmin/webadmin.php?action=view&file=C%3A%5CProgram+Files%5CMariaDB+11.4%5Cdata%5Cnucleus_mam%5Cmam_nucleus_template.MYD
[Sun Aug 02 21:42:25.521307 2026] [core:error] [pid 7652:tid 888] [client 74.7.243.246:34432] AH10244: invalid URI path (/heimam/webadmin/%3C%authorlink%%3E), referer: https://webfilebrowser.mamweb.at/heimam/webadmin/webadmin.php?action=view&file=C%3A%5CProgram+Files%5CMariaDB+11.4%5Cdata%5Cnucleus_mam%5Cmam_nucleus_template.MYD
[Sun Aug 02 21:42:26.021311 2026] [core:error] [pid 7652:tid 888] [client 74.7.243.246:34446] AH10244: invalid URI path (/heimam/webadmin/%3C%categorylink%%3E), referer: https://webfilebrowser.mamweb.at/heimam/webadmin/webadmin.php?action=view&file=C%3A%5CProgram+Files%5CMariaDB+11.4%5Cdata%5Cnucleus_mam%5Cmam_nucleus_template.MYD
[Sun Aug 02 21:42:26.568158 2026] [core:error] [pid 7652:tid 888] [client 74.7.243.246:34460] AH10244: invalid URI path (/heimam/webadmin/%3C%itemlink%%3E), referer: https://webfilebrowser.mamweb.at/heimam/webadmin/webadmin.php?action=view&file=C%3A%5CProgram+Files%5CMariaDB+11.4%5Cdata%5Cnucleus_mam%5Cmam_nucleus_template.MYD
[Sun Aug 02 21:42:27.083781 2026] [core:error] [pid 7652:tid 888] [client 74.7.243.246:34474] AH10244: invalid URI path (/heimam/webadmin/%3C%catlink%%3E), referer: https://webfilebrowser.mamweb.at/heimam/webadmin/webadmin.php?action=view&file=C%3A%5CProgram+Files%5CMariaDB+11.4%5Cdata%5Cnucleus_mam%5Cmam_nucleus_template.MYD
[Sun Aug 02 21:52:21.864883 2026] [core:error] [pid 7652:tid 960] [client 74.7.227.158:50302] AH10244: invalid URI path (/heimam/webadmin/%3C%blogurl%%3E), referer: https://dlf.mamweb.at/heimam/webadmin/webadmin.php?action=view&file=C%3A%5CProgram+Files%5CMariaDB+11.4%5Cdata%5Cnucleus_mam%5Cmam_nucleus_template.MYD
[Sun Aug 02 21:52:22.599249 2026] [core:error] [pid 7652:tid 972] [client 74.7.227.158:33980] AH10244: invalid URI path (/heimam/webadmin/%3C%userlinkraw%%3E), referer: https://dlf.mamweb.at/heimam/webadmin/webadmin.php?action=view&file=C%3A%5CProgram+Files%5CMariaDB+11.4%5Cdata%5Cnucleus_mam%5Cmam_nucleus_template.MYD
[Sun Aug 02 21:52:23.161743 2026] [core:error] [pid 7652:tid 972] [client 74.7.227.158:33986] AH10244: invalid URI path (/heimam/webadmin/%3C%archivelink%%3E), referer: https://dlf.mamweb.at/heimam/webadmin/webadmin.php?action=view&file=C%3A%5CProgram+Files%5CMariaDB+11.4%5Cdata%5Cnucleus_mam%5Cmam_nucleus_template.MYD
[Sun Aug 02 21:52:23.630509 2026] [core:error] [pid 7652:tid 972] [client 74.7.227.158:33988] AH10244: invalid URI path (/heimam/webadmin/%3C%authorlink%%3E), referer: https://dlf.mamweb.at/heimam/webadmin/webadmin.php?action=view&file=C%3A%5CProgram+Files%5CMariaDB+11.4%5Cdata%5Cnucleus_mam%5Cmam_nucleus_template.MYD
[Sun Aug 02 21:52:24.146136 2026] [core:error] [pid 7652:tid 972] [client 74.7.227.158:33994] AH10244: invalid URI path (/heimam/webadmin/%3C%categorylink%%3E), referer: https://dlf.mamweb.at/heimam/webadmin/webadmin.php?action=view&file=C%3A%5CProgram+Files%5CMariaDB+11.4%5Cdata%5Cnucleus_mam%5Cmam_nucleus_template.MYD
[Sun Aug 02 21:52:24.661771 2026] [core:error] [pid 7652:tid 972] [client 74.7.227.158:34004] AH10244: invalid URI path (/heimam/webadmin/%3C%itemlink%%3E), referer: https://dlf.mamweb.at/heimam/webadmin/webadmin.php?action=view&file=C%3A%5CProgram+Files%5CMariaDB+11.4%5Cdata%5Cnucleus_mam%5Cmam_nucleus_template.MYD
[Sun Aug 02 21:52:25.224266 2026] [core:error] [pid 7652:tid 972] [client 74.7.227.158:34016] AH10244: invalid URI path (/heimam/webadmin/%3C%catlink%%3E), referer: https://dlf.mamweb.at/heimam/webadmin/webadmin.php?action=view&file=C%3A%5CProgram+Files%5CMariaDB+11.4%5Cdata%5Cnucleus_mam%5Cmam_nucleus_template.MYD
[Sun Aug 02 21:57:27.880267 2026] [core:error] [pid 7652:tid 776] [client 74.7.227.154:53140] AH10244: invalid URI path (/heimam/webadmin/%3C%formdata(imgurl)%%3E), referer: https://dirlisting.mamweb.at/heimam/webadmin/webadmin.php?action=view&file=C%3A%5CProgram+Files+%28x86%29%5CApache+Software+Foundation%5CApache2.2%5Chtdocs%5Cnucleus%5Cnucleus%5Cforms%5Cnucleusbutton.template
[Sun Aug 02 22:04:18.895970 2026] [core:error] [pid 7652:tid 996] [client 216.73.216.23:1167] AH10244: invalid URI path (/heimam/webadmin/%3C%)
[Sun Aug 02 22:11:37.458284 2026] [core:error] [pid 7652:tid 684] [client 216.73.216.23:33203] AH10244: invalid URI path (/heimam/webadmin/%3C%=LibRoot%%3E/lib/jsxc.dep.min.js)
[Sun Aug 02 22:11:42.911408 2026] [core:error] [pid 7652:tid 1016] [client 216.73.216.23:2564] AH10244: invalid URI path (/heimam/webadmin/%3C%=LibRoot%%3E/lib/dep/jquery-ui.min.js)
[Sun Aug 02 22:11:49.411400 2026] [core:error] [pid 7652:tid 920] [client 216.73.216.23:19688] AH10244: invalid URI path (/heimam/webadmin/%3C%=LibRoot%%3E/lib/dep/jquery.min.js)
[Sun Aug 02 22:11:56.114527 2026] [core:error] [pid 7652:tid 1004] [client 216.73.216.23:31309] AH10244: invalid URI path (/heimam/webadmin/%3C%=LibRoot%%3E/lib/dep/bootstrap.min.js)
[Sun Aug 02 22:12:05.520792 2026] [core:error] [pid 7652:tid 720] [client 216.73.216.23:22540] AH10244: invalid URI path (/heimam/webadmin/%3C%=LibRoot%%3E/lib/jquery.fullscreen.js)
[Sun Aug 02 22:38:12.535843 2026] [core:error] [pid 7652:tid 888] [client 216.73.216.23:13324] AH10244: invalid URI path (/heimam/webadmin//%22%3C%itemlink%)
[Sun Aug 02 22:38:12.535843 2026] [core:error] [pid 7652:tid 808] [client 216.73.216.23:29669] AH10244: invalid URI path (/heimam/webadmin//%22%3C%archivelink%)
[Sun Aug 02 22:38:19.551459 2026] [core:error] [pid 7652:tid 888] [client 216.73.216.23:59919] AH10244: invalid URI path (/heimam/webadmin//%22%3C%editlink%)
[Sun Aug 02 22:40:49.348352 2026] [core:error] [pid 7652:tid 868] [client 216.73.216.23:41853] AH10244: invalid URI path (/heimam/webadmin//%22%3C/r/n/r/n%blogsetting(url)%)
[Sun Aug 02 22:42:00.223353 2026] [core:error] [pid 7652:tid 824] [client 216.73.216.23:10153] AH10244: invalid URI path (/heimam/webadmin//%22%3C/r/n/r/n%blogurl%)
[Sun Aug 02 22:44:27.348311 2026] [core:error] [pid 7652:tid 700] [client 216.73.216.23:51911] AH10244: invalid URI path (/heimam/webadmin//%22%3C%member(url)%)
[Sun Aug 02 22:44:42.692061 2026] [core:error] [pid 7652:tid 784] [client 216.73.216.23:14112] AH10244: invalid URI path (/heimam/webadmin/%3C%itemlink%%3E)
[Sun Aug 02 22:44:43.520182 2026] [core:error] [pid 7652:tid 1020] [client 216.73.216.23:48630] AH10244: invalid URI path (/heimam/webadmin/%3C%catlink%%3E)
[Sun Aug 02 22:44:45.304554 2026] [core:error] [pid 7652:tid 924] [client 216.73.216.23:56627] AH10244: invalid URI path (/heimam/webadmin/%3C%categorylink%%3E)
[Sun Aug 02 22:44:45.410810 2026] [core:error] [pid 7652:tid 1000] [client 216.73.216.23:57891] AH10244: invalid URI path (/heimam/webadmin/%3C%authorlink%%3E)
[Sun Aug 02 22:44:46.145199 2026] [core:error] [pid 7652:tid 700] [client 216.73.216.23:59745] AH10244: invalid URI path (/heimam/webadmin/%3C%userlinkraw%%3E)
[Sun Aug 02 22:44:48.020189 2026] [core:error] [pid 7652:tid 832] [client 216.73.216.23:2681] AH10244: invalid URI path (/heimam/webadmin/%1)
[Sun Aug 02 22:46:58.004503 2026] [core:error] [pid 7652:tid 796] [client 216.73.216.23:3956] AH10244: invalid URI path (/heimam/webadmin/%3C%=VirtualDirectoryRootPath%20%%3E/Mondo/lang/sys/Login.aspx?Version=Desktop)
[Sun Aug 02 22:49:51.520086 2026] [core:error] [pid 7652:tid 916] [client 74.7.243.246:49030] AH10244: invalid URI path (/heimam/webadmin/%3C%=SkinPath()%%3E/icon_folder.png), referer: https://webfilebrowser.mamweb.at/heimam/webadmin/webadmin.php?action=view&file=C%3A%5CProgram+Files+%28x86%29%5CMail+Enable%5CBin%5CNETWebMail%5CMobile%5CControls%5CPage.ascx
[Sun Aug 02 22:49:52.270108 2026] [core:error] [pid 7652:tid 880] [client 74.7.243.246:34692] AH10244: invalid URI path (/heimam/webadmin/%3C%=SkinPath()%%3E/icon_search.png), referer: https://webfilebrowser.mamweb.at/heimam/webadmin/webadmin.php?action=view&file=C%3A%5CProgram+Files+%28x86%29%5CMail+Enable%5CBin%5CNETWebMail%5CMobile%5CControls%5CPage.ascx
[Sun Aug 02 22:49:52.801339 2026] [core:error] [pid 7652:tid 880] [client 74.7.243.246:34696] AH10244: invalid URI path (/heimam/webadmin/%3C%=SkinPath()%%3E/icon_options.png), referer: https://webfilebrowser.mamweb.at/heimam/webadmin/webadmin.php?action=view&file=C%3A%5CProgram+Files+%28x86%29%5CMail+Enable%5CBin%5CNETWebMail%5CMobile%5CControls%5CPage.ascx
[Sun Aug 02 22:49:53.816966 2026] [core:error] [pid 7652:tid 880] [client 74.7.243.246:34700] AH10244: invalid URI path (/heimam/webadmin/%3C%=SkinPath()%%3E/icon_calendar.png), referer: https://webfilebrowser.mamweb.at/heimam/webadmin/webadmin.php?action=view&file=C%3A%5CProgram+Files+%28x86%29%5CMail+Enable%5CBin%5CNETWebMail%5CMobile%5CControls%5CPage.ascx
[Sun Aug 02 22:49:54.941973 2026] [core:error] [pid 7652:tid 880] [client 74.7.243.246:34712] AH10244: invalid URI path (/heimam/webadmin/%3C%=SkinPath()%%3E/icon_compose.png), referer: https://webfilebrowser.mamweb.at/heimam/webadmin/webadmin.php?action=view&file=C%3A%5CProgram+Files+%28x86%29%5CMail+Enable%5CBin%5CNETWebMail%5CMobile%5CControls%5CPage.ascx
[Sun Aug 02 22:49:55.691968 2026] [core:error] [pid 7652:tid 880] [client 74.7.243.246:34714] AH10244: invalid URI path (/heimam/webadmin/%3C%=SkinPath()%%3E/icon_contacts.png), referer: https://webfilebrowser.mamweb.at/heimam/webadmin/webadmin.php?action=view&file=C%3A%5CProgram+Files+%28x86%29%5CMail+Enable%5CBin%5CNETWebMail%5CMobile%5CControls%5CPage.ascx
[Sun Aug 02 22:49:57.535694 2026] [core:error] [pid 7652:tid 880] [client 74.7.243.246:34722] AH10244: invalid URI path (/heimam/webadmin/%3C%=SkinPath()%%3E/icon_inbox.png), referer: https://webfilebrowser.mamweb.at/heimam/webadmin/webadmin.php?action=view&file=C%3A%5CProgram+Files+%28x86%29%5CMail+Enable%5CBin%5CNETWebMail%5CMobile%5CControls%5CPage.ascx
[Sun Aug 02 22:49:58.301324 2026] [core:error] [pid 7652:tid 880] [client 74.7.243.246:34734] AH10244: invalid URI path (/heimam/webadmin/%3C%=SkinPath()%%3E/icon_tasks.png), referer: https://webfilebrowser.mamweb.at/heimam/webadmin/webadmin.php?action=view&file=C%3A%5CProgram+Files+%28x86%29%5CMail+Enable%5CBin%5CNETWebMail%5CMobile%5CControls%5CPage.ascx
[Sun Aug 02 22:49:58.801339 2026] [core:error] [pid 7652:tid 880] [client 74.7.243.246:34744] AH10244: invalid URI path (/heimam/webadmin/%3C%=SkinPath()%%3E/icon_login.png), referer: https://webfilebrowser.mamweb.at/heimam/webadmin/webadmin.php?action=view&file=C%3A%5CProgram+Files+%28x86%29%5CMail+Enable%5CBin%5CNETWebMail%5CMobile%5CControls%5CPage.ascx
[Sun Aug 02 22:54:35.145020 2026] [core:error] [pid 7652:tid 700] [client 216.73.216.23:13731] AH10244: invalid URI path (/heimam/webadmin//%22%3C%editlink%)
[Sun Aug 02 22:54:47.254402 2026] [core:error] [pid 7652:tid 1040] [client 216.73.216.23:47700] AH10244: invalid URI path (/heimam/webadmin//%22%3C%catlink%)
[Sun Aug 02 22:54:56.957520 2026] [core:error] [pid 7652:tid 1040] [client 216.73.216.23:40282] AH10244: invalid URI path (/heimam/webadmin//%22%3C%categorylink%)
[Sun Aug 02 22:54:57.238779 2026] [core:error] [pid 7652:tid 872] [client 216.73.216.23:6198] AH10244: invalid URI path (/heimam/webadmin//%22%3C%authorlink%)
[Sun Aug 02 22:54:59.926297 2026] [core:error] [pid 7652:tid 928] [client 216.73.216.23:44975] AH10244: invalid URI path (/heimam/webadmin/%OEMMediumLogo%)
[Sun Aug 02 22:55:00.191910 2026] [core:error] [pid 7652:tid 776] [client 216.73.216.23:62425] AH10244: invalid URI path (/heimam/webadmin//%22%3C%userlinkraw%)
[Sun Aug 02 23:02:13.801251 2026] [proxy_http:error] [pid 7652:tid 916] (OS 10060)A connection attempt failed because the connected party did not properly respond after a period of time, or established connection failed because connected host has failed to respond. : [client 216.73.216.23:40455] AH01102: error reading status line from remote server 127.0.0.1:18080
[Sun Aug 02 23:02:13.801251 2026] [proxy:error] [pid 7652:tid 916] [client 216.73.216.23:40455] AH00898: Error reading from remote server returned by /heimam/webadmin/webadmin.php
[Sun Aug 02 23:03:30.285609 2026] [core:error] [pid 7652:tid 832] [client 216.73.216.23:36846] AH10244: invalid URI path (/heimam/webadmin//%22%3C/r/n/r/n%blogurl%)